{"id":440474,"date":"2026-09-03T09:04:32","date_gmt":"2026-09-03T08:04:32","guid":{"rendered":"https:\/\/agencia.ecclesia.pt\/portal\/?post_type=mec-events&#038;p=440474"},"modified":"2026-09-03T09:04:32","modified_gmt":"2026-09-03T08:04:32","slug":"viana-do-castelo-assembleia-diocesana-desafia-catequistas-a-trabalhar-em-rede","status":"publish","type":"mec-events","link":"https:\/\/agencia.ecclesia.pt\/portal\/events\/viana-do-castelo-assembleia-diocesana-desafia-catequistas-a-trabalhar-em-rede\/","title":{"rendered":"Viana do Castelo: Assembleia diocesana desafia catequistas a trabalhar em rede"},"content":{"rendered":"<p><!--more--><\/p>\n<p><img fetchpriority=\"high\" decoding=\"async\" class=\"alignleft size-medium wp-image-440476\" src=\"https:\/\/agencia.ecclesia.pt\/portal\/wp-content\/uploads\/2026\/09\/Viana-Castelo_Assembleia-Diocesana-Catequistas-768x512-1-400x267.jpeg\" alt=\"\" width=\"400\" height=\"267\" srcset=\"https:\/\/agencia.ecclesia.pt\/portal\/wp-content\/uploads\/2026\/09\/Viana-Castelo_Assembleia-Diocesana-Catequistas-768x512-1-400x267.jpeg 400w, https:\/\/agencia.ecclesia.pt\/portal\/wp-content\/uploads\/2026\/09\/Viana-Castelo_Assembleia-Diocesana-Catequistas-768x512-1-391x260.jpeg 391w, https:\/\/agencia.ecclesia.pt\/portal\/wp-content\/uploads\/2026\/09\/Viana-Castelo_Assembleia-Diocesana-Catequistas-768x512-1.jpeg 768w\" sizes=\"(max-width: 400px) 100vw, 400px\" \/>Viana do Castelo, 03 set 2026 (Ecclesia) \u2013 A Diocese de Viana do Castelo vai promover a s\u00e9tima Assembleia Diocesana da Catequese no dia 27 de setembro, no Santu\u00e1rio de Nossa Senhora da Paz, em Ponte da Barca.<\/p>\n<p>O diretor do Secretariado Diocesano do setor, padre Paulo Alves, adverte que o educador da f\u00e9 &#8220;n\u00e3o \u00e9 ilha&#8221;, desafiando os participantes a sintonizarem-se com as &#8220;surpresas do Esp\u00edrito&#8221;.<\/p>\n<p>A iniciativa subordina-se ao tema \u2018Catequista em Rede\u2019 e procura demonstrar que esta miss\u00e3o &#8220;n\u00e3o \u00e9 uma tarefa isolada&#8221;, refor\u00e7ando a sua &#8220;liga\u00e7\u00e3o com a comunidade crist\u00e3 e com a Igreja diocesana&#8221;, detalha o respons\u00e1vel, citado pelo portal <a href=\"https:\/\/educris.pt\/assembleia-diocesana-da-catequese-de-viana-do-castelo-desafia-catequistas-a-viver-a-missao-em-comunhao\/\">Educris<\/a>, do Secretariado Nacional da Educa\u00e7\u00e3o Crist\u00e3.<\/p>\n<p>O sacerdote identifica a dificuldade de &#8220;despertar nos agentes o desejo de participar&#8221; nas propostas de qualifica\u00e7\u00e3o, alertando para a necessidade de um &#8220;caminho permanente de convers\u00e3o&#8221; interior.<\/p>\n<p>A jornada formativa arranca com uma interven\u00e7\u00e3o do jesu\u00edta Jo\u00e3o Carlos Onofre Pinto sobre o an\u00fancio do Ressuscitado, seguida de uma an\u00e1lise \u00e0 dimens\u00e3o eclesial do minist\u00e9rio orientada pelo padre Tiago Fialho Neto.<\/p>\n<p>O per\u00edodo da tarde reserva a confer\u00eancia \u2018Renovar para crescer\u2019, conduzida pelo padre Joel Gomes de Brito, e um momento de explora\u00e7\u00e3o da comunh\u00e3o pastoral na regi\u00e3o.<\/p>\n<p>O encontro na par\u00f3quia de Vila Ch\u00e3 encerra-se com uma celebra\u00e7\u00e3o eucar\u00edstica presidida pelo bispo diocesano, D. Jo\u00e3o Lavrador.<\/p>\n<p><em>OC<\/em><\/p>\n","protected":false},"excerpt":{"rendered":"","protected":false},"author":2,"featured_media":440476,"comment_status":"closed","ping_status":"closed","template":"","meta":{"site-sidebar-layout":"default","site-content-layout":"","ast-site-content-layout":"default","site-content-style":"default","site-sidebar-style":"default","ast-global-header-display":"","ast-banner-title-visibility":"","ast-main-header-display":"","ast-hfb-above-header-display":"","ast-hfb-below-header-display":"","ast-hfb-mobile-header-display":"","site-post-title":"","ast-breadcrumbs-content":"","ast-featured-img":"","footer-sml-layout":"","ast-disable-related-posts":"","theme-transparent-header-meta":"default","adv-header-id-meta":"","stick-header-meta":"default","header-above-stick-meta":"","header-main-stick-meta":"","header-below-stick-meta":"","astra-migrate-meta-layouts":"set","ast-page-background-enabled":"default","ast-page-background-meta":{"desktop":{"background-color":"var(--ast-global-color-4)","background-image":"","background-repeat":"repeat","background-position":"center center","background-size":"auto","background-attachment":"scroll","background-type":"","background-media":"","overlay-type":"","overlay-color":"","overlay-opacity":"","overlay-gradient":""},"tablet":{"background-color":"","background-image":"","background-repeat":"repeat","background-position":"center center","background-size":"auto","background-attachment":"scroll","background-type":"","background-media":"","overlay-type":"","overlay-color":"","overlay-opacity":"","overlay-gradient":""},"mobile":{"background-color":"","background-image":"","background-repeat":"repeat","background-position":"center center","background-size":"auto","background-attachment":"scroll","background-type":"","background-media":"","overlay-type":"","overlay-color":"","overlay-opacity":"","overlay-gradient":""}},"ast-content-background-meta":{"desktop":{"background-color":"var(--ast-global-color-5)","background-image":"","background-repeat":"repeat","background-position":"center center","background-size":"auto","background-attachment":"scroll","background-type":"","background-media":"","overlay-type":"","overlay-color":"","overlay-opacity":"","overlay-gradient":""},"tablet":{"background-color":"var(--ast-global-color-5)","background-image":"","background-repeat":"repeat","background-position":"center center","background-size":"auto","background-attachment":"scroll","background-type":"","background-media":"","overlay-type":"","overlay-color":"","overlay-opacity":"","overlay-gradient":""},"mobile":{"background-color":"var(--ast-global-color-5)","background-image":"","background-repeat":"repeat","background-position":"center center","background-size":"auto","background-attachment":"scroll","background-type":"","background-media":"","overlay-type":"","overlay-color":"","overlay-opacity":"","overlay-gradient":""}}},"tags":[],"mec_category":[793,791],"class_list":["post-440474","mec-events","type-mec-events","status-publish","has-post-thumbnail","hentry","mec_category-caixa2","mec_category-nacional"],"_links":{"self":[{"href":"https:\/\/agencia.ecclesia.pt\/portal\/wp-json\/wp\/v2\/mec-events\/440474","targetHints":{"allow":["GET"]}}],"collection":[{"href":"https:\/\/agencia.ecclesia.pt\/portal\/wp-json\/wp\/v2\/mec-events"}],"about":[{"href":"https:\/\/agencia.ecclesia.pt\/portal\/wp-json\/wp\/v2\/types\/mec-events"}],"author":[{"embeddable":true,"href":"https:\/\/agencia.ecclesia.pt\/portal\/wp-json\/wp\/v2\/users\/2"}],"replies":[{"embeddable":true,"href":"https:\/\/agencia.ecclesia.pt\/portal\/wp-json\/wp\/v2\/comments?post=440474"}],"wp:featuredmedia":[{"embeddable":true,"href":"https:\/\/agencia.ecclesia.pt\/portal\/wp-json\/wp\/v2\/media\/440476"}],"wp:attachment":[{"href":"https:\/\/agencia.ecclesia.pt\/portal\/wp-json\/wp\/v2\/media?parent=440474"}],"wp:term":[{"taxonomy":"post_tag","embeddable":true,"href":"https:\/\/agencia.ecclesia.pt\/portal\/wp-json\/wp\/v2\/tags?post=440474"},{"taxonomy":"mec_category","embeddable":true,"href":"https:\/\/agencia.ecclesia.pt\/portal\/wp-json\/wp\/v2\/mec_category?post=440474"}],"curies":[{"name":"wp","href":"https:\/\/api.w.org\/{rel}","templated":true}]}}

<p><!--more--></p>
<p><img fetchpriority="high" decoding="async" class="alignleft size-medium wp-image-440476" src="https://agencia.ecclesia.pt/portal/wp-content/uploads/2026/09/Viana-Castelo_Assembleia-Diocesana-Catequistas-768x512-1-400x267.jpeg" alt="" width="400" height="267" srcset="https://agencia.ecclesia.pt/portal/wp-content/uploads/2026/09/Viana-Castelo_Assembleia-Diocesana-Catequistas-768x512-1-400x267.jpeg 400w, https://agencia.ecclesia.pt/portal/wp-content/uploads/2026/09/Viana-Castelo_Assembleia-Diocesana-Catequistas-768x512-1-391x260.jpeg 391w, https://agencia.ecclesia.pt/portal/wp-content/uploads/2026/09/Viana-Castelo_Assembleia-Diocesana-Catequistas-768x512-1.jpeg 768w" sizes="(max-width: 400px) 100vw, 400px" />Viana do Castelo, 03 set 2026 (Ecclesia) – A Diocese de Viana do Castelo vai promover a sétima Assembleia Diocesana da Catequese no dia 27 de setembro, no Santuário de Nossa Senhora da Paz, em Ponte da Barca.</p>
<p>O diretor do Secretariado Diocesano do setor, padre Paulo Alves, adverte que o educador da fé &#8220;não é ilha&#8221;, desafiando os participantes a sintonizarem-se com as &#8220;surpresas do Espírito&#8221;.</p>
<p>A iniciativa subordina-se ao tema ‘Catequista em Rede’ e procura demonstrar que esta missão &#8220;não é uma tarefa isolada&#8221;, reforçando a sua &#8220;ligação com a comunidade cristã e com a Igreja diocesana&#8221;, detalha o responsável, citado pelo portal <a href="https://educris.pt/assembleia-diocesana-da-catequese-de-viana-do-castelo-desafia-catequistas-a-viver-a-missao-em-comunhao/">Educris</a>, do Secretariado Nacional da Educação Cristã.</p>
<p>O sacerdote identifica a dificuldade de &#8220;despertar nos agentes o desejo de participar&#8221; nas propostas de qualificação, alertando para a necessidade de um &#8220;caminho permanente de conversão&#8221; interior.</p>
<p>A jornada formativa arranca com uma intervenção do jesuíta João Carlos Onofre Pinto sobre o anúncio do Ressuscitado, seguida de uma análise à dimensão eclesial do ministério orientada pelo padre Tiago Fialho Neto.</p>
<p>O período da tarde reserva a conferência ‘Renovar para crescer’, conduzida pelo padre Joel Gomes de Brito, e um momento de exploração da comunhão pastoral na região.</p>
<p>O encontro na paróquia de Vila Chã encerra-se com uma celebração eucarística presidida pelo bispo diocesano, D. João Lavrador.</p>
<p><em>OC</em></p>
