{"id":440460,"date":"2026-09-02T17:20:51","date_gmt":"2026-09-02T16:20:51","guid":{"rendered":"https:\/\/agencia.ecclesia.pt\/portal\/?post_type=mec-events&#038;p=440460"},"modified":"2026-09-02T17:20:51","modified_gmt":"2026-09-02T16:20:51","slug":"jesuitas-gambozinos-celebram-30-anos-com-encontro-nacional-em-base-militar","status":"publish","type":"mec-events","link":"https:\/\/agencia.ecclesia.pt\/portal\/events\/jesuitas-gambozinos-celebram-30-anos-com-encontro-nacional-em-base-militar\/","title":{"rendered":"Jesu\u00edtas: Gambozinos celebram 30 anos com encontro nacional em base militar"},"content":{"rendered":"<p><!--more--><\/p>\n<p><img fetchpriority=\"high\" decoding=\"async\" class=\"alignnone wp-image-174710 size-full\" src=\"https:\/\/agencia.ecclesia.pt\/portal\/wp-content\/uploads\/2020\/05\/Jovens-jesu\u00edtas.jpg\" alt=\"\" width=\"1198\" height=\"798\" srcset=\"https:\/\/agencia.ecclesia.pt\/portal\/wp-content\/uploads\/2020\/05\/Jovens-jesu\u00edtas.jpg 1198w, https:\/\/agencia.ecclesia.pt\/portal\/wp-content\/uploads\/2020\/05\/Jovens-jesu\u00edtas-390x260.jpg 390w, https:\/\/agencia.ecclesia.pt\/portal\/wp-content\/uploads\/2020\/05\/Jovens-jesu\u00edtas-1024x682.jpg 1024w, https:\/\/agencia.ecclesia.pt\/portal\/wp-content\/uploads\/2020\/05\/Jovens-jesu\u00edtas-768x512.jpg 768w, https:\/\/agencia.ecclesia.pt\/portal\/wp-content\/uploads\/2020\/05\/Jovens-jesu\u00edtas-1080x719.jpg 1080w, https:\/\/agencia.ecclesia.pt\/portal\/wp-content\/uploads\/2020\/05\/Jovens-jesu\u00edtas-980x653.jpg 980w, https:\/\/agencia.ecclesia.pt\/portal\/wp-content\/uploads\/2020\/05\/Jovens-jesu\u00edtas-480x320.jpg 480w\" sizes=\"(max-width: 1198px) 100vw, 1198px\" \/>Const\u00e2ncia, 02 set 2026 (Ecclesia) \u2013 O movimento de campos de f\u00e9rias Gambozinos vai promover um encontro nacional comemorativo do seu trig\u00e9simo anivers\u00e1rio, entre 25 e 27 de setembro, no Campo Militar de Santa Margarida.<\/p>\n<p>A organiza\u00e7\u00e3o convoca atuais e antigos membros para um jubileu que celebra o sonho de &#8220;aproximar pessoas de diferentes realidades e derrubar barreiras sociais&#8221;, informa hoje o portal \u2018Ponto SJ\u2019, dos Jesu\u00edtas em Portugal.<\/p>\n<p>A estrutura diretiva desafia as fam\u00edlias e os animadores a &#8220;voltar a encontrar quem fez parte desta hist\u00f3ria&#8221;, atrav\u00e9s da partilha de jogos e desafios.<\/p>\n<p>Os interessados podem submeter a inscri\u00e7\u00e3o <a href=\"https:\/\/gambozinos30anos.fillout.com\/t\/a8qxwtMNejus\" target=\"_blank\" rel=\"noopener\">online<\/a> at\u00e9 ao dia 10 de setembro, optando pelo pacote integral de fim de semana, denominado &#8220;SuperGambo&#8221;, ou pela presen\u00e7a restrita \u00e0 Eucaristia dominical, designada &#8220;BeatoGambo&#8221;.<\/p>\n<p>O acesso log\u00edstico \u00e0s instala\u00e7\u00f5es do ex\u00e9rcito exige a apresenta\u00e7\u00e3o obrigat\u00f3ria de um documento de identifica\u00e7\u00e3o v\u00e1lido durante o processo de acolhimento.<\/p>\n<p>O projeto surgiu no concelho de Braga a partir de acampamentos informais entre amigos e perspetiva esta jornada festiva como um &#8220;momento de agradecimento&#8221; pelos la\u00e7os constru\u00eddos.<\/p>\n<p><em>OC<\/em><\/p>\n","protected":false},"excerpt":{"rendered":"","protected":false},"author":2,"featured_media":174710,"comment_status":"closed","ping_status":"closed","template":"","meta":{"site-sidebar-layout":"default","site-content-layout":"","ast-site-content-layout":"default","site-content-style":"default","site-sidebar-style":"default","ast-global-header-display":"","ast-banner-title-visibility":"","ast-main-header-display":"","ast-hfb-above-header-display":"","ast-hfb-below-header-display":"","ast-hfb-mobile-header-display":"","site-post-title":"","ast-breadcrumbs-content":"","ast-featured-img":"","footer-sml-layout":"","ast-disable-related-posts":"","theme-transparent-header-meta":"default","adv-header-id-meta":"","stick-header-meta":"default","header-above-stick-meta":"","header-main-stick-meta":"","header-below-stick-meta":"","astra-migrate-meta-layouts":"set","ast-page-background-enabled":"default","ast-page-background-meta":{"desktop":{"background-color":"var(--ast-global-color-4)","background-image":"","background-repeat":"repeat","background-position":"center center","background-size":"auto","background-attachment":"scroll","background-type":"","background-media":"","overlay-type":"","overlay-color":"","overlay-opacity":"","overlay-gradient":""},"tablet":{"background-color":"","background-image":"","background-repeat":"repeat","background-position":"center center","background-size":"auto","background-attachment":"scroll","background-type":"","background-media":"","overlay-type":"","overlay-color":"","overlay-opacity":"","overlay-gradient":""},"mobile":{"background-color":"","background-image":"","background-repeat":"repeat","background-position":"center center","background-size":"auto","background-attachment":"scroll","background-type":"","background-media":"","overlay-type":"","overlay-color":"","overlay-opacity":"","overlay-gradient":""}},"ast-content-background-meta":{"desktop":{"background-color":"var(--ast-global-color-5)","background-image":"","background-repeat":"repeat","background-position":"center center","background-size":"auto","background-attachment":"scroll","background-type":"","background-media":"","overlay-type":"","overlay-color":"","overlay-opacity":"","overlay-gradient":""},"tablet":{"background-color":"var(--ast-global-color-5)","background-image":"","background-repeat":"repeat","background-position":"center center","background-size":"auto","background-attachment":"scroll","background-type":"","background-media":"","overlay-type":"","overlay-color":"","overlay-opacity":"","overlay-gradient":""},"mobile":{"background-color":"var(--ast-global-color-5)","background-image":"","background-repeat":"repeat","background-position":"center center","background-size":"auto","background-attachment":"scroll","background-type":"","background-media":"","overlay-type":"","overlay-color":"","overlay-opacity":"","overlay-gradient":""}}},"tags":[236],"mec_category":[793,791],"class_list":["post-440460","mec-events","type-mec-events","status-publish","has-post-thumbnail","hentry","tag-jesuitas","mec_category-caixa2","mec_category-nacional"],"_links":{"self":[{"href":"https:\/\/agencia.ecclesia.pt\/portal\/wp-json\/wp\/v2\/mec-events\/440460","targetHints":{"allow":["GET"]}}],"collection":[{"href":"https:\/\/agencia.ecclesia.pt\/portal\/wp-json\/wp\/v2\/mec-events"}],"about":[{"href":"https:\/\/agencia.ecclesia.pt\/portal\/wp-json\/wp\/v2\/types\/mec-events"}],"author":[{"embeddable":true,"href":"https:\/\/agencia.ecclesia.pt\/portal\/wp-json\/wp\/v2\/users\/2"}],"replies":[{"embeddable":true,"href":"https:\/\/agencia.ecclesia.pt\/portal\/wp-json\/wp\/v2\/comments?post=440460"}],"wp:featuredmedia":[{"embeddable":true,"href":"https:\/\/agencia.ecclesia.pt\/portal\/wp-json\/wp\/v2\/media\/174710"}],"wp:attachment":[{"href":"https:\/\/agencia.ecclesia.pt\/portal\/wp-json\/wp\/v2\/media?parent=440460"}],"wp:term":[{"taxonomy":"post_tag","embeddable":true,"href":"https:\/\/agencia.ecclesia.pt\/portal\/wp-json\/wp\/v2\/tags?post=440460"},{"taxonomy":"mec_category","embeddable":true,"href":"https:\/\/agencia.ecclesia.pt\/portal\/wp-json\/wp\/v2\/mec_category?post=440460"}],"curies":[{"name":"wp","href":"https:\/\/api.w.org\/{rel}","templated":true}]}}

Jesuítas: Gambozinos celebram 30 anos com encontro nacional em base militar

<p><!--more--></p>
<p><img fetchpriority="high" decoding="async" class="alignnone wp-image-174710 size-full" src="https://agencia.ecclesia.pt/portal/wp-content/uploads/2020/05/Jovens-jesuítas.jpg" alt="" width="1198" height="798" srcset="https://agencia.ecclesia.pt/portal/wp-content/uploads/2020/05/Jovens-jesuítas.jpg 1198w, https://agencia.ecclesia.pt/portal/wp-content/uploads/2020/05/Jovens-jesuítas-390x260.jpg 390w, https://agencia.ecclesia.pt/portal/wp-content/uploads/2020/05/Jovens-jesuítas-1024x682.jpg 1024w, https://agencia.ecclesia.pt/portal/wp-content/uploads/2020/05/Jovens-jesuítas-768x512.jpg 768w, https://agencia.ecclesia.pt/portal/wp-content/uploads/2020/05/Jovens-jesuítas-1080x719.jpg 1080w, https://agencia.ecclesia.pt/portal/wp-content/uploads/2020/05/Jovens-jesuítas-980x653.jpg 980w, https://agencia.ecclesia.pt/portal/wp-content/uploads/2020/05/Jovens-jesuítas-480x320.jpg 480w" sizes="(max-width: 1198px) 100vw, 1198px" />Constância, 02 set 2026 (Ecclesia) – O movimento de campos de férias Gambozinos vai promover um encontro nacional comemorativo do seu trigésimo aniversário, entre 25 e 27 de setembro, no Campo Militar de Santa Margarida.</p>
<p>A organização convoca atuais e antigos membros para um jubileu que celebra o sonho de &#8220;aproximar pessoas de diferentes realidades e derrubar barreiras sociais&#8221;, informa hoje o portal ‘Ponto SJ’, dos Jesuítas em Portugal.</p>
<p>A estrutura diretiva desafia as famílias e os animadores a &#8220;voltar a encontrar quem fez parte desta história&#8221;, através da partilha de jogos e desafios.</p>
<p>Os interessados podem submeter a inscrição <a href="https://gambozinos30anos.fillout.com/t/a8qxwtMNejus" target="_blank" rel="noopener">online</a> até ao dia 10 de setembro, optando pelo pacote integral de fim de semana, denominado &#8220;SuperGambo&#8221;, ou pela presença restrita à Eucaristia dominical, designada &#8220;BeatoGambo&#8221;.</p>
<p>O acesso logístico às instalações do exército exige a apresentação obrigatória de um documento de identificação válido durante o processo de acolhimento.</p>
<p>O projeto surgiu no concelho de Braga a partir de acampamentos informais entre amigos e perspetiva esta jornada festiva como um &#8220;momento de agradecimento&#8221; pelos laços construídos.</p>
<p><em>OC</em></p>
