{"id":440452,"date":"2026-09-02T16:49:32","date_gmt":"2026-09-02T15:49:32","guid":{"rendered":"https:\/\/agencia.ecclesia.pt\/portal\/?post_type=mec-events&#038;p=440452"},"modified":"2026-09-02T16:49:32","modified_gmt":"2026-09-02T15:49:32","slug":"viseu-diocese-capacita-cuidadores-de-idosos-para-travar-desgaste-profissional","status":"publish","type":"mec-events","link":"https:\/\/agencia.ecclesia.pt\/portal\/events\/viseu-diocese-capacita-cuidadores-de-idosos-para-travar-desgaste-profissional\/","title":{"rendered":"Viseu: Diocese capacita cuidadores de idosos para travar desgaste profissional"},"content":{"rendered":"<p><!--more--><\/p>\n<figure id=\"attachment_440453\" aria-describedby=\"caption-attachment-440453\" style=\"width: 1920px\" class=\"wp-caption alignnone\"><img fetchpriority=\"high\" decoding=\"async\" class=\"wp-image-440453 size-full\" src=\"https:\/\/agencia.ecclesia.pt\/portal\/wp-content\/uploads\/2026\/09\/Seminario.jpg\" alt=\"\" width=\"1920\" height=\"1446\" srcset=\"https:\/\/agencia.ecclesia.pt\/portal\/wp-content\/uploads\/2026\/09\/Seminario.jpg 1920w, https:\/\/agencia.ecclesia.pt\/portal\/wp-content\/uploads\/2026\/09\/Seminario-372x280.jpg 372w, https:\/\/agencia.ecclesia.pt\/portal\/wp-content\/uploads\/2026\/09\/Seminario-1024x771.jpg 1024w, https:\/\/agencia.ecclesia.pt\/portal\/wp-content\/uploads\/2026\/09\/Seminario-768x578.jpg 768w, https:\/\/agencia.ecclesia.pt\/portal\/wp-content\/uploads\/2026\/09\/Seminario-1536x1157.jpg 1536w\" sizes=\"(max-width: 1920px) 100vw, 1920px\" \/><figcaption id=\"caption-attachment-440453\" class=\"wp-caption-text\">Foto: Diocese de Viseu<\/figcaption><\/figure>\n<p>Viseu, 02 set 2026 (Ecclesia) \u2013 O Centro Socio-Pastoral da Diocese de Viseu vai promover no dia 9 de outubro um encontro formativo para cuidadores de idosos no Semin\u00e1rio Maior diocesano.<\/p>\n<p>A iniciativa dirige-se a colaboradores de Institui\u00e7\u00f5es Particulares de Solidariedade Social e t\u00e9cnicos de a\u00e7\u00e3o direta, procurando responder aos &#8220;desafios crescentes&#8221; do envelhecimento populacional.<\/p>\n<p>Um comunicado enviado hoje \u00e0 Ag\u00eancia ECCLESIA sublinha que a jornada visa fomentar a &#8220;partilha de boas pr\u00e1ticas&#8221; e refor\u00e7ar o &#8220;bem-estar dos profissionais&#8221; envolvidos no acompanhamento di\u00e1rio.<\/p>\n<p>O painel te\u00f3rico do programa integra sess\u00f5es dedicadas \u00e0 &#8220;preven\u00e7\u00e3o de infe\u00e7\u00f5es&#8221; e ao tratamento de \u00falceras, debatendo ainda a prote\u00e7\u00e3o contra o &#8220;burnout&#8221; atrav\u00e9s do autocuidado.<\/p>\n<p>O per\u00edodo da tarde reserva tr\u00eas oficinas pr\u00e1ticas focadas na higiene de pessoas dependentes, na &#8220;mobiliza\u00e7\u00e3o segura&#8221; de utentes e na avalia\u00e7\u00e3o da glic\u00e9mia capilar.<\/p>\n<p>A a\u00e7\u00e3o de sa\u00fade decorre entre as 09h00 e as 17h00 sob o tema gen\u00e9rico \u00abCuidar de Quem Cuida\u00bb, exigindo uma inscri\u00e7\u00e3o pr\u00e9via e gratuita junto da institui\u00e7\u00e3o.<\/p>\n<p>O Centro Socio-Pastoral de Viseu atribuir\u00e1 um certificado aos profissionais que conclu\u00edrem a forma\u00e7\u00e3o.<\/p>\n<p><em>OC<\/em><\/p>\n<p>&nbsp;<\/p>\n","protected":false},"excerpt":{"rendered":"","protected":false},"author":2,"featured_media":440453,"comment_status":"closed","ping_status":"closed","template":"","meta":{"site-sidebar-layout":"default","site-content-layout":"","ast-site-content-layout":"default","site-content-style":"default","site-sidebar-style":"default","ast-global-header-display":"","ast-banner-title-visibility":"","ast-main-header-display":"","ast-hfb-above-header-display":"","ast-hfb-below-header-display":"","ast-hfb-mobile-header-display":"","site-post-title":"","ast-breadcrumbs-content":"","ast-featured-img":"","footer-sml-layout":"","ast-disable-related-posts":"","theme-transparent-header-meta":"default","adv-header-id-meta":"","stick-header-meta":"default","header-above-stick-meta":"","header-main-stick-meta":"","header-below-stick-meta":"","astra-migrate-meta-layouts":"set","ast-page-background-enabled":"default","ast-page-background-meta":{"desktop":{"background-color":"var(--ast-global-color-4)","background-image":"","background-repeat":"repeat","background-position":"center center","background-size":"auto","background-attachment":"scroll","background-type":"","background-media":"","overlay-type":"","overlay-color":"","overlay-opacity":"","overlay-gradient":""},"tablet":{"background-color":"","background-image":"","background-repeat":"repeat","background-position":"center center","background-size":"auto","background-attachment":"scroll","background-type":"","background-media":"","overlay-type":"","overlay-color":"","overlay-opacity":"","overlay-gradient":""},"mobile":{"background-color":"","background-image":"","background-repeat":"repeat","background-position":"center center","background-size":"auto","background-attachment":"scroll","background-type":"","background-media":"","overlay-type":"","overlay-color":"","overlay-opacity":"","overlay-gradient":""}},"ast-content-background-meta":{"desktop":{"background-color":"var(--ast-global-color-5)","background-image":"","background-repeat":"repeat","background-position":"center center","background-size":"auto","background-attachment":"scroll","background-type":"","background-media":"","overlay-type":"","overlay-color":"","overlay-opacity":"","overlay-gradient":""},"tablet":{"background-color":"var(--ast-global-color-5)","background-image":"","background-repeat":"repeat","background-position":"center center","background-size":"auto","background-attachment":"scroll","background-type":"","background-media":"","overlay-type":"","overlay-color":"","overlay-opacity":"","overlay-gradient":""},"mobile":{"background-color":"var(--ast-global-color-5)","background-image":"","background-repeat":"repeat","background-position":"center center","background-size":"auto","background-attachment":"scroll","background-type":"","background-media":"","overlay-type":"","overlay-color":"","overlay-opacity":"","overlay-gradient":""}}},"tags":[184],"mec_category":[793,791],"class_list":["post-440452","mec-events","type-mec-events","status-publish","has-post-thumbnail","hentry","tag-diocese-de-viseu","mec_category-caixa2","mec_category-nacional"],"_links":{"self":[{"href":"https:\/\/agencia.ecclesia.pt\/portal\/wp-json\/wp\/v2\/mec-events\/440452","targetHints":{"allow":["GET"]}}],"collection":[{"href":"https:\/\/agencia.ecclesia.pt\/portal\/wp-json\/wp\/v2\/mec-events"}],"about":[{"href":"https:\/\/agencia.ecclesia.pt\/portal\/wp-json\/wp\/v2\/types\/mec-events"}],"author":[{"embeddable":true,"href":"https:\/\/agencia.ecclesia.pt\/portal\/wp-json\/wp\/v2\/users\/2"}],"replies":[{"embeddable":true,"href":"https:\/\/agencia.ecclesia.pt\/portal\/wp-json\/wp\/v2\/comments?post=440452"}],"wp:featuredmedia":[{"embeddable":true,"href":"https:\/\/agencia.ecclesia.pt\/portal\/wp-json\/wp\/v2\/media\/440453"}],"wp:attachment":[{"href":"https:\/\/agencia.ecclesia.pt\/portal\/wp-json\/wp\/v2\/media?parent=440452"}],"wp:term":[{"taxonomy":"post_tag","embeddable":true,"href":"https:\/\/agencia.ecclesia.pt\/portal\/wp-json\/wp\/v2\/tags?post=440452"},{"taxonomy":"mec_category","embeddable":true,"href":"https:\/\/agencia.ecclesia.pt\/portal\/wp-json\/wp\/v2\/mec_category?post=440452"}],"curies":[{"name":"wp","href":"https:\/\/api.w.org\/{rel}","templated":true}]}}

<p><!--more--></p>
<figure id="attachment_440453" aria-describedby="caption-attachment-440453" style="width: 1920px" class="wp-caption alignnone"><img fetchpriority="high" decoding="async" class="wp-image-440453 size-full" src="https://agencia.ecclesia.pt/portal/wp-content/uploads/2026/09/Seminario.jpg" alt="" width="1920" height="1446" srcset="https://agencia.ecclesia.pt/portal/wp-content/uploads/2026/09/Seminario.jpg 1920w, https://agencia.ecclesia.pt/portal/wp-content/uploads/2026/09/Seminario-372x280.jpg 372w, https://agencia.ecclesia.pt/portal/wp-content/uploads/2026/09/Seminario-1024x771.jpg 1024w, https://agencia.ecclesia.pt/portal/wp-content/uploads/2026/09/Seminario-768x578.jpg 768w, https://agencia.ecclesia.pt/portal/wp-content/uploads/2026/09/Seminario-1536x1157.jpg 1536w" sizes="(max-width: 1920px) 100vw, 1920px" /><figcaption id="caption-attachment-440453" class="wp-caption-text">Foto: Diocese de Viseu</figcaption></figure>
<p>Viseu, 02 set 2026 (Ecclesia) – O Centro Socio-Pastoral da Diocese de Viseu vai promover no dia 9 de outubro um encontro formativo para cuidadores de idosos no Seminário Maior diocesano.</p>
<p>A iniciativa dirige-se a colaboradores de Instituições Particulares de Solidariedade Social e técnicos de ação direta, procurando responder aos &#8220;desafios crescentes&#8221; do envelhecimento populacional.</p>
<p>Um comunicado enviado hoje à Agência ECCLESIA sublinha que a jornada visa fomentar a &#8220;partilha de boas práticas&#8221; e reforçar o &#8220;bem-estar dos profissionais&#8221; envolvidos no acompanhamento diário.</p>
<p>O painel teórico do programa integra sessões dedicadas à &#8220;prevenção de infeções&#8221; e ao tratamento de úlceras, debatendo ainda a proteção contra o &#8220;burnout&#8221; através do autocuidado.</p>
<p>O período da tarde reserva três oficinas práticas focadas na higiene de pessoas dependentes, na &#8220;mobilização segura&#8221; de utentes e na avaliação da glicémia capilar.</p>
<p>A ação de saúde decorre entre as 09h00 e as 17h00 sob o tema genérico «Cuidar de Quem Cuida», exigindo uma inscrição prévia e gratuita junto da instituição.</p>
<p>O Centro Socio-Pastoral de Viseu atribuirá um certificado aos profissionais que concluírem a formação.</p>
<p><em>OC</em></p>
<p>&nbsp;</p>
