{"id":440419,"date":"2026-09-02T13:24:25","date_gmt":"2026-09-02T12:24:25","guid":{"rendered":"https:\/\/agencia.ecclesia.pt\/portal\/?post_type=mec-events&#038;p=440419"},"modified":"2026-09-02T13:26:29","modified_gmt":"2026-09-02T12:26:29","slug":"bens-culturais-curso-de-formacao-aborda-procedimentos-basicos-sobre-conservacao-preventiva-do-patrimonio","status":"publish","type":"mec-events","link":"https:\/\/agencia.ecclesia.pt\/portal\/events\/bens-culturais-curso-de-formacao-aborda-procedimentos-basicos-sobre-conservacao-preventiva-do-patrimonio\/","title":{"rendered":"Bens Culturais: Curso de forma\u00e7\u00e3o aborda \u00abprocedimentos b\u00e1sicos\u00bb sobre conserva\u00e7\u00e3o preventiva do patrim\u00f3nio"},"content":{"rendered":"<p><!--more--><\/p>\n<p style=\"font-weight: 400;\"><a href=\"https:\/\/agencia.ecclesia.pt\/portal\/wp-content\/uploads\/2026\/09\/Cartaz-Formacao-On-line-Conservacao-Preventiva.jpg\"><img fetchpriority=\"high\" decoding=\"async\" class=\"wp-image-440421 alignleft\" src=\"https:\/\/agencia.ecclesia.pt\/portal\/wp-content\/uploads\/2026\/09\/Cartaz-Formacao-On-line-Conservacao-Preventiva.jpg\" alt=\"\" width=\"474\" height=\"670\" srcset=\"https:\/\/agencia.ecclesia.pt\/portal\/wp-content\/uploads\/2026\/09\/Cartaz-Formacao-On-line-Conservacao-Preventiva.jpg 1200w, https:\/\/agencia.ecclesia.pt\/portal\/wp-content\/uploads\/2026\/09\/Cartaz-Formacao-On-line-Conservacao-Preventiva-198x280.jpg 198w, https:\/\/agencia.ecclesia.pt\/portal\/wp-content\/uploads\/2026\/09\/Cartaz-Formacao-On-line-Conservacao-Preventiva-724x1024.jpg 724w, https:\/\/agencia.ecclesia.pt\/portal\/wp-content\/uploads\/2026\/09\/Cartaz-Formacao-On-line-Conservacao-Preventiva-768x1086.jpg 768w, https:\/\/agencia.ecclesia.pt\/portal\/wp-content\/uploads\/2026\/09\/Cartaz-Formacao-On-line-Conservacao-Preventiva-1086x1536.jpg 1086w\" sizes=\"(max-width: 474px) 100vw, 474px\" \/><\/a>Lisboa, 02 set 2026 (Ecclesia) \u2013 O Secretariado Nacional dos Bens Culturais da Igreja vai promover um curso de forma\u00e7\u00e3o sobre conserva\u00e7\u00e3o preventiva, indicando \u201cprocedimentos b\u00e1sicos\u201d no cuidado do patrim\u00f3nio im\u00f3vel, m\u00f3vel e integrado que est\u00e1 \u00e0 responsabilidade das par\u00f3quias e ao servi\u00e7o do culto.<\/p>\n<p style=\"font-weight: 400;\">Com o t\u00edtulo &#8220;Conserva\u00e7\u00e3o Preventiva: boas pr\u00e1ticas em edif\u00edcios eclesiais&#8221;, o curso vai decorrer em quatro sess\u00f5es on-line e tem por formadora Eva Neves, licenciada em Conserva\u00e7\u00e3o e Restauro, com especializa\u00e7\u00e3o em Documentos Gr\u00e1ficos, pela Faculdade de Ci\u00eancias e Tecnologia da Universidade Nova de Lisboa.<\/p>\n<p style=\"font-weight: 400;\">\u201cPretende-se, de forma pr\u00e1tica, simples e concreta, alertar para h\u00e1bitos e procedimentos desadequados, comunicar as boas pr\u00e1ticas e os procedimentos b\u00e1sicos de conserva\u00e7\u00e3o preventiva, tendo em vista as necessidades di\u00e1rias das comunidades\/par\u00f3quias no que respeita ao cuidado com o patrim\u00f3nio im\u00f3vel, m\u00f3vel e integrado, que t\u00eam sob a sua responsabilidade e ao servi\u00e7o do culto\u201d, indica um comunicado do Secretariado Nacional dos Bens Culturais da Igreja (SNBCI) enviado \u00e0 Ag\u00eancia ECCLESIA.<\/p>\n<p style=\"font-weight: 400;\">Para o SNBCI \u00e9 necess\u00e1rio identificar e resolver as \u201cin\u00fameras situa\u00e7\u00f5es em que a degrada\u00e7\u00e3o do patrim\u00f3nio resulta de a\u00e7\u00f5es inadequadas e da aus\u00eancia de um posicionamento proativo em termos de conserva\u00e7\u00e3o preventiva\u201d<\/p>\n<p style=\"font-weight: 400;\">\u201cSer\u00e3o explorados, num primeiro momento, conceitos gerais a ter em considera\u00e7\u00e3o, partindo depois para a an\u00e1lise direcionada a tipologias espec\u00edficas de patrim\u00f3nio, a partir de uma sele\u00e7\u00e3o daquelas que s\u00e3o mais representativas e\/ou carecem de maior cuidado e aten\u00e7\u00e3o\u201d, acrescenta o comunicado.<\/p>\n<p style=\"font-weight: 400;\">O SNBCI indica que a forma\u00e7\u00e3o &#8220;Conserva\u00e7\u00e3o Preventiva: boas pr\u00e1ticas em edif\u00edcios eclesiais&#8221; destina-se \u201ca todos os que diariamente t\u00eam responsabilidades sobre os Bens Culturais da Igreja\u201d, nomeadamente \u201cp\u00e1rocos, sacrist\u00e3es, zeladores, mordomos, membros de conselhos econ\u00f3micos\/pastorais, irmandades\u201d.<\/p>\n<p style=\"font-weight: 400;\">As quatro sess\u00f5es do curso sobre conserva\u00e7\u00e3o preventiva v\u00e3o decorrer nos dias 15, 22 e 29 de Setembro e 6 de outubro, entre as 20h00-22h00, sendo necess\u00e1rio fazer a inscri\u00e7\u00e3o atrav\u00e9s da liga\u00e7\u00e3o https:\/\/forms.gle\/ooPhpt7xu1crQd8c6.<\/p>\n<p><em>PR<\/em><\/p>\n","protected":false},"excerpt":{"rendered":"","protected":false},"author":5,"featured_media":440420,"comment_status":"closed","ping_status":"closed","template":"","meta":{"site-sidebar-layout":"default","site-content-layout":"","ast-site-content-layout":"default","site-content-style":"default","site-sidebar-style":"default","ast-global-header-display":"","ast-banner-title-visibility":"","ast-main-header-display":"","ast-hfb-above-header-display":"","ast-hfb-below-header-display":"","ast-hfb-mobile-header-display":"","site-post-title":"","ast-breadcrumbs-content":"","ast-featured-img":"","footer-sml-layout":"","ast-disable-related-posts":"","theme-transparent-header-meta":"default","adv-header-id-meta":"","stick-header-meta":"default","header-above-stick-meta":"","header-main-stick-meta":"","header-below-stick-meta":"","astra-migrate-meta-layouts":"set","ast-page-background-enabled":"default","ast-page-background-meta":{"desktop":{"background-color":"var(--ast-global-color-4)","background-image":"","background-repeat":"repeat","background-position":"center center","background-size":"auto","background-attachment":"scroll","background-type":"","background-media":"","overlay-type":"","overlay-color":"","overlay-opacity":"","overlay-gradient":""},"tablet":{"background-color":"","background-image":"","background-repeat":"repeat","background-position":"center center","background-size":"auto","background-attachment":"scroll","background-type":"","background-media":"","overlay-type":"","overlay-color":"","overlay-opacity":"","overlay-gradient":""},"mobile":{"background-color":"","background-image":"","background-repeat":"repeat","background-position":"center center","background-size":"auto","background-attachment":"scroll","background-type":"","background-media":"","overlay-type":"","overlay-color":"","overlay-opacity":"","overlay-gradient":""}},"ast-content-background-meta":{"desktop":{"background-color":"var(--ast-global-color-5)","background-image":"","background-repeat":"repeat","background-position":"center center","background-size":"auto","background-attachment":"scroll","background-type":"","background-media":"","overlay-type":"","overlay-color":"","overlay-opacity":"","overlay-gradient":""},"tablet":{"background-color":"var(--ast-global-color-5)","background-image":"","background-repeat":"repeat","background-position":"center center","background-size":"auto","background-attachment":"scroll","background-type":"","background-media":"","overlay-type":"","overlay-color":"","overlay-opacity":"","overlay-gradient":""},"mobile":{"background-color":"var(--ast-global-color-5)","background-image":"","background-repeat":"repeat","background-position":"center center","background-size":"auto","background-attachment":"scroll","background-type":"","background-media":"","overlay-type":"","overlay-color":"","overlay-opacity":"","overlay-gradient":""}}},"tags":[285],"mec_category":[793,791],"class_list":["post-440419","mec-events","type-mec-events","status-publish","has-post-thumbnail","hentry","tag-patrimonio","mec_category-caixa2","mec_category-nacional"],"_links":{"self":[{"href":"https:\/\/agencia.ecclesia.pt\/portal\/wp-json\/wp\/v2\/mec-events\/440419","targetHints":{"allow":["GET"]}}],"collection":[{"href":"https:\/\/agencia.ecclesia.pt\/portal\/wp-json\/wp\/v2\/mec-events"}],"about":[{"href":"https:\/\/agencia.ecclesia.pt\/portal\/wp-json\/wp\/v2\/types\/mec-events"}],"author":[{"embeddable":true,"href":"https:\/\/agencia.ecclesia.pt\/portal\/wp-json\/wp\/v2\/users\/5"}],"replies":[{"embeddable":true,"href":"https:\/\/agencia.ecclesia.pt\/portal\/wp-json\/wp\/v2\/comments?post=440419"}],"wp:featuredmedia":[{"embeddable":true,"href":"https:\/\/agencia.ecclesia.pt\/portal\/wp-json\/wp\/v2\/media\/440420"}],"wp:attachment":[{"href":"https:\/\/agencia.ecclesia.pt\/portal\/wp-json\/wp\/v2\/media?parent=440419"}],"wp:term":[{"taxonomy":"post_tag","embeddable":true,"href":"https:\/\/agencia.ecclesia.pt\/portal\/wp-json\/wp\/v2\/tags?post=440419"},{"taxonomy":"mec_category","embeddable":true,"href":"https:\/\/agencia.ecclesia.pt\/portal\/wp-json\/wp\/v2\/mec_category?post=440419"}],"curies":[{"name":"wp","href":"https:\/\/api.w.org\/{rel}","templated":true}]}}

Bens Culturais: Curso de formação aborda «procedimentos básicos» sobre conservação preventiva do património

<p><!--more--></p>
<p style="font-weight: 400;"><a href="https://agencia.ecclesia.pt/portal/wp-content/uploads/2026/09/Cartaz-Formacao-On-line-Conservacao-Preventiva.jpg"><img fetchpriority="high" decoding="async" class="wp-image-440421 alignleft" src="https://agencia.ecclesia.pt/portal/wp-content/uploads/2026/09/Cartaz-Formacao-On-line-Conservacao-Preventiva.jpg" alt="" width="474" height="670" srcset="https://agencia.ecclesia.pt/portal/wp-content/uploads/2026/09/Cartaz-Formacao-On-line-Conservacao-Preventiva.jpg 1200w, https://agencia.ecclesia.pt/portal/wp-content/uploads/2026/09/Cartaz-Formacao-On-line-Conservacao-Preventiva-198x280.jpg 198w, https://agencia.ecclesia.pt/portal/wp-content/uploads/2026/09/Cartaz-Formacao-On-line-Conservacao-Preventiva-724x1024.jpg 724w, https://agencia.ecclesia.pt/portal/wp-content/uploads/2026/09/Cartaz-Formacao-On-line-Conservacao-Preventiva-768x1086.jpg 768w, https://agencia.ecclesia.pt/portal/wp-content/uploads/2026/09/Cartaz-Formacao-On-line-Conservacao-Preventiva-1086x1536.jpg 1086w" sizes="(max-width: 474px) 100vw, 474px" /></a>Lisboa, 02 set 2026 (Ecclesia) – O Secretariado Nacional dos Bens Culturais da Igreja vai promover um curso de formação sobre conservação preventiva, indicando “procedimentos básicos” no cuidado do património imóvel, móvel e integrado que está à responsabilidade das paróquias e ao serviço do culto.</p>
<p style="font-weight: 400;">Com o título &#8220;Conservação Preventiva: boas práticas em edifícios eclesiais&#8221;, o curso vai decorrer em quatro sessões on-line e tem por formadora Eva Neves, licenciada em Conservação e Restauro, com especialização em Documentos Gráficos, pela Faculdade de Ciências e Tecnologia da Universidade Nova de Lisboa.</p>
<p style="font-weight: 400;">“Pretende-se, de forma prática, simples e concreta, alertar para hábitos e procedimentos desadequados, comunicar as boas práticas e os procedimentos básicos de conservação preventiva, tendo em vista as necessidades diárias das comunidades/paróquias no que respeita ao cuidado com o património imóvel, móvel e integrado, que têm sob a sua responsabilidade e ao serviço do culto”, indica um comunicado do Secretariado Nacional dos Bens Culturais da Igreja (SNBCI) enviado à Agência ECCLESIA.</p>
<p style="font-weight: 400;">Para o SNBCI é necessário identificar e resolver as “inúmeras situações em que a degradação do património resulta de ações inadequadas e da ausência de um posicionamento proativo em termos de conservação preventiva”</p>
<p style="font-weight: 400;">“Serão explorados, num primeiro momento, conceitos gerais a ter em consideração, partindo depois para a análise direcionada a tipologias específicas de património, a partir de uma seleção daquelas que são mais representativas e/ou carecem de maior cuidado e atenção”, acrescenta o comunicado.</p>
<p style="font-weight: 400;">O SNBCI indica que a formação &#8220;Conservação Preventiva: boas práticas em edifícios eclesiais&#8221; destina-se “a todos os que diariamente têm responsabilidades sobre os Bens Culturais da Igreja”, nomeadamente “párocos, sacristães, zeladores, mordomos, membros de conselhos económicos/pastorais, irmandades”.</p>
<p style="font-weight: 400;">As quatro sessões do curso sobre conservação preventiva vão decorrer nos dias 15, 22 e 29 de Setembro e 6 de outubro, entre as 20h00-22h00, sendo necessário fazer a inscrição através da ligação https://forms.gle/ooPhpt7xu1crQd8c6.</p>
<p><em>PR</em></p>
