{"id":440240,"date":"2026-08-31T11:46:00","date_gmt":"2026-08-31T10:46:00","guid":{"rendered":"https:\/\/agencia.ecclesia.pt\/portal\/?post_type=mec-events&#038;p=440240"},"modified":"2026-08-31T11:46:00","modified_gmt":"2026-08-31T10:46:00","slug":"viseu-diocese-convoca-peregrinacao-a-fatima-e-inicia-bienio-pastoral-focado-na-escuta","status":"publish","type":"mec-events","link":"https:\/\/agencia.ecclesia.pt\/portal\/events\/viseu-diocese-convoca-peregrinacao-a-fatima-e-inicia-bienio-pastoral-focado-na-escuta\/","title":{"rendered":"Viseu: Diocese convoca peregrina\u00e7\u00e3o a F\u00e1tima e inicia bi\u00e9nio pastoral focado na escuta"},"content":{"rendered":"<p><!--more--><\/p>\n<p><img fetchpriority=\"high\" decoding=\"async\" class=\"alignnone wp-image-440233 size-full\" src=\"https:\/\/agencia.ecclesia.pt\/portal\/wp-content\/uploads\/2026\/08\/Cartaz-Peregrinacao-Diocesana-Fatima-2026.jpg\" alt=\"\" width=\"1080\" height=\"1350\" srcset=\"https:\/\/agencia.ecclesia.pt\/portal\/wp-content\/uploads\/2026\/08\/Cartaz-Peregrinacao-Diocesana-Fatima-2026.jpg 1080w, https:\/\/agencia.ecclesia.pt\/portal\/wp-content\/uploads\/2026\/08\/Cartaz-Peregrinacao-Diocesana-Fatima-2026-224x280.jpg 224w, https:\/\/agencia.ecclesia.pt\/portal\/wp-content\/uploads\/2026\/08\/Cartaz-Peregrinacao-Diocesana-Fatima-2026-819x1024.jpg 819w, https:\/\/agencia.ecclesia.pt\/portal\/wp-content\/uploads\/2026\/08\/Cartaz-Peregrinacao-Diocesana-Fatima-2026-768x960.jpg 768w\" sizes=\"(max-width: 1080px) 100vw, 1080px\" \/>Viseu, 31 ago 2026 (Ecclesia) \u2013 A Diocese de Viseu anunciou hoje a realiza\u00e7\u00e3o da sua peregrina\u00e7\u00e3o anual ao Santu\u00e1rio de F\u00e1tima a 3 de outubro e a abertura do novo bi\u00e9nio pastoral assente no lema \u2018Escuta e Caminha\u2019.<\/p>\n<p>A iniciativa pretende reunir os fi\u00e9is num dia inteiramente dedicado &#8220;\u00e0 ora\u00e7\u00e3o, \u00e0 celebra\u00e7\u00e3o da f\u00e9 e \u00e0 comunh\u00e3o&#8221;, sublinhou o Gabinete de Informa\u00e7\u00e3o diocesano, em comunicado enviado \u00e0 Ag\u00eancia ECCLESIA.<\/p>\n<p>O programa na Cova da Iria arranca \u00e0s 10h00 com a recita\u00e7\u00e3o do Ros\u00e1rio na Capelinha das Apari\u00e7\u00f5es, sob a presid\u00eancia do bispo de Viseu, D. Ant\u00f3nio Luciano, detalhou a nota informativa.<\/p>\n<p>A jornada prossegue com o &#8220;tradicional desfile em dire\u00e7\u00e3o \u00e0 Bas\u00edlica da Sant\u00edssima Trindade&#8221;, um momento que vai envolver &#8220;as bandeiras e estandartes das par\u00f3quias e dos diversos movimentos&#8221;, acrescentou a organiza\u00e7\u00e3o.<\/p>\n<p>A Eucaristia central da peregrina\u00e7\u00e3o vai ser celebrada \u00e0s 11h00 no mesmo templo, culminando o per\u00edodo da tarde com um espa\u00e7o de &#8220;medita\u00e7\u00e3o e adora\u00e7\u00e3o eucar\u00edstica&#8221;, descreveu o documento oficial.<\/p>\n<p>As inscri\u00e7\u00f5es dos participantes t\u00eam de ser efetuadas localmente atrav\u00e9s de cada par\u00f3quia, &#8220;ficando os p\u00e1rocos ou os arciprestados com a miss\u00e3o de assegurar o transporte&#8221;, alertou a diocese.<\/p>\n<p>A iniciativa, fixada anualmente no primeiro s\u00e1bado de outubro, constitui um dos &#8220;momentos mais significativos da vida pastoral&#8221; da regi\u00e3o ao proporcionar aos cat\u00f3licos uma &#8220;renova\u00e7\u00e3o espiritual&#8221; e um &#8220;encontro fraterno&#8221;, frisou o gabinete de comunica\u00e7\u00e3o.<\/p>\n<p>O calend\u00e1rio prev\u00ea, j\u00e1 nas pr\u00f3ximas semanas, a abertura oficial do novo ano pastoral a 20 de setembro, assinalando o arranque do bi\u00e9nio 2026-2028.<\/p>\n<p>O percurso estruturado a partir dos eixos orientadores da \u2018Voca\u00e7\u00e3o e Sinodalidade\u2019 visa desafiar as comunidades a &#8220;viver um caminho de renova\u00e7\u00e3o e compromisso eclesial&#8221;.<\/p>\n<p><em>OC<\/em><\/p>\n","protected":false},"excerpt":{"rendered":"","protected":false},"author":2,"featured_media":440241,"comment_status":"closed","ping_status":"closed","template":"","meta":{"site-sidebar-layout":"default","site-content-layout":"","ast-site-content-layout":"default","site-content-style":"default","site-sidebar-style":"default","ast-global-header-display":"","ast-banner-title-visibility":"","ast-main-header-display":"","ast-hfb-above-header-display":"","ast-hfb-below-header-display":"","ast-hfb-mobile-header-display":"","site-post-title":"","ast-breadcrumbs-content":"","ast-featured-img":"","footer-sml-layout":"","ast-disable-related-posts":"","theme-transparent-header-meta":"default","adv-header-id-meta":"","stick-header-meta":"default","header-above-stick-meta":"","header-main-stick-meta":"","header-below-stick-meta":"","astra-migrate-meta-layouts":"set","ast-page-background-enabled":"default","ast-page-background-meta":{"desktop":{"background-color":"var(--ast-global-color-4)","background-image":"","background-repeat":"repeat","background-position":"center center","background-size":"auto","background-attachment":"scroll","background-type":"","background-media":"","overlay-type":"","overlay-color":"","overlay-opacity":"","overlay-gradient":""},"tablet":{"background-color":"","background-image":"","background-repeat":"repeat","background-position":"center center","background-size":"auto","background-attachment":"scroll","background-type":"","background-media":"","overlay-type":"","overlay-color":"","overlay-opacity":"","overlay-gradient":""},"mobile":{"background-color":"","background-image":"","background-repeat":"repeat","background-position":"center center","background-size":"auto","background-attachment":"scroll","background-type":"","background-media":"","overlay-type":"","overlay-color":"","overlay-opacity":"","overlay-gradient":""}},"ast-content-background-meta":{"desktop":{"background-color":"var(--ast-global-color-5)","background-image":"","background-repeat":"repeat","background-position":"center center","background-size":"auto","background-attachment":"scroll","background-type":"","background-media":"","overlay-type":"","overlay-color":"","overlay-opacity":"","overlay-gradient":""},"tablet":{"background-color":"var(--ast-global-color-5)","background-image":"","background-repeat":"repeat","background-position":"center center","background-size":"auto","background-attachment":"scroll","background-type":"","background-media":"","overlay-type":"","overlay-color":"","overlay-opacity":"","overlay-gradient":""},"mobile":{"background-color":"var(--ast-global-color-5)","background-image":"","background-repeat":"repeat","background-position":"center center","background-size":"auto","background-attachment":"scroll","background-type":"","background-media":"","overlay-type":"","overlay-color":"","overlay-opacity":"","overlay-gradient":""}}},"tags":[184],"mec_category":[793,791],"class_list":["post-440240","mec-events","type-mec-events","status-publish","has-post-thumbnail","hentry","tag-diocese-de-viseu","mec_category-caixa2","mec_category-nacional"],"_links":{"self":[{"href":"https:\/\/agencia.ecclesia.pt\/portal\/wp-json\/wp\/v2\/mec-events\/440240","targetHints":{"allow":["GET"]}}],"collection":[{"href":"https:\/\/agencia.ecclesia.pt\/portal\/wp-json\/wp\/v2\/mec-events"}],"about":[{"href":"https:\/\/agencia.ecclesia.pt\/portal\/wp-json\/wp\/v2\/types\/mec-events"}],"author":[{"embeddable":true,"href":"https:\/\/agencia.ecclesia.pt\/portal\/wp-json\/wp\/v2\/users\/2"}],"replies":[{"embeddable":true,"href":"https:\/\/agencia.ecclesia.pt\/portal\/wp-json\/wp\/v2\/comments?post=440240"}],"wp:featuredmedia":[{"embeddable":true,"href":"https:\/\/agencia.ecclesia.pt\/portal\/wp-json\/wp\/v2\/media\/440241"}],"wp:attachment":[{"href":"https:\/\/agencia.ecclesia.pt\/portal\/wp-json\/wp\/v2\/media?parent=440240"}],"wp:term":[{"taxonomy":"post_tag","embeddable":true,"href":"https:\/\/agencia.ecclesia.pt\/portal\/wp-json\/wp\/v2\/tags?post=440240"},{"taxonomy":"mec_category","embeddable":true,"href":"https:\/\/agencia.ecclesia.pt\/portal\/wp-json\/wp\/v2\/mec_category?post=440240"}],"curies":[{"name":"wp","href":"https:\/\/api.w.org\/{rel}","templated":true}]}}

Viseu: Diocese convoca peregrinação a Fátima e inicia biénio pastoral focado na escuta

<p><!--more--></p>
<p><img fetchpriority="high" decoding="async" class="alignnone wp-image-440233 size-full" src="https://agencia.ecclesia.pt/portal/wp-content/uploads/2026/08/Cartaz-Peregrinacao-Diocesana-Fatima-2026.jpg" alt="" width="1080" height="1350" srcset="https://agencia.ecclesia.pt/portal/wp-content/uploads/2026/08/Cartaz-Peregrinacao-Diocesana-Fatima-2026.jpg 1080w, https://agencia.ecclesia.pt/portal/wp-content/uploads/2026/08/Cartaz-Peregrinacao-Diocesana-Fatima-2026-224x280.jpg 224w, https://agencia.ecclesia.pt/portal/wp-content/uploads/2026/08/Cartaz-Peregrinacao-Diocesana-Fatima-2026-819x1024.jpg 819w, https://agencia.ecclesia.pt/portal/wp-content/uploads/2026/08/Cartaz-Peregrinacao-Diocesana-Fatima-2026-768x960.jpg 768w" sizes="(max-width: 1080px) 100vw, 1080px" />Viseu, 31 ago 2026 (Ecclesia) – A Diocese de Viseu anunciou hoje a realização da sua peregrinação anual ao Santuário de Fátima a 3 de outubro e a abertura do novo biénio pastoral assente no lema ‘Escuta e Caminha’.</p>
<p>A iniciativa pretende reunir os fiéis num dia inteiramente dedicado &#8220;à oração, à celebração da fé e à comunhão&#8221;, sublinhou o Gabinete de Informação diocesano, em comunicado enviado à Agência ECCLESIA.</p>
<p>O programa na Cova da Iria arranca às 10h00 com a recitação do Rosário na Capelinha das Aparições, sob a presidência do bispo de Viseu, D. António Luciano, detalhou a nota informativa.</p>
<p>A jornada prossegue com o &#8220;tradicional desfile em direção à Basílica da Santíssima Trindade&#8221;, um momento que vai envolver &#8220;as bandeiras e estandartes das paróquias e dos diversos movimentos&#8221;, acrescentou a organização.</p>
<p>A Eucaristia central da peregrinação vai ser celebrada às 11h00 no mesmo templo, culminando o período da tarde com um espaço de &#8220;meditação e adoração eucarística&#8221;, descreveu o documento oficial.</p>
<p>As inscrições dos participantes têm de ser efetuadas localmente através de cada paróquia, &#8220;ficando os párocos ou os arciprestados com a missão de assegurar o transporte&#8221;, alertou a diocese.</p>
<p>A iniciativa, fixada anualmente no primeiro sábado de outubro, constitui um dos &#8220;momentos mais significativos da vida pastoral&#8221; da região ao proporcionar aos católicos uma &#8220;renovação espiritual&#8221; e um &#8220;encontro fraterno&#8221;, frisou o gabinete de comunicação.</p>
<p>O calendário prevê, já nas próximas semanas, a abertura oficial do novo ano pastoral a 20 de setembro, assinalando o arranque do biénio 2026-2028.</p>
<p>O percurso estruturado a partir dos eixos orientadores da ‘Vocação e Sinodalidade’ visa desafiar as comunidades a &#8220;viver um caminho de renovação e compromisso eclesial&#8221;.</p>
<p><em>OC</em></p>
