{"id":324999,"date":"2024-05-08T18:02:20","date_gmt":"2024-05-08T17:02:20","guid":{"rendered":"https:\/\/agencia.ecclesia.pt\/portal\/?post_type=mec-events&#038;p=324999"},"modified":"2024-05-08T18:03:13","modified_gmt":"2024-05-08T17:03:13","slug":"portugal-igreja-catolica-dinamiza-sessao-sobre-turismo-religioso-e-espiritual-na-universidade-de-aveiro","status":"publish","type":"mec-events","link":"https:\/\/agencia.ecclesia.pt\/portal\/events\/portugal-igreja-catolica-dinamiza-sessao-sobre-turismo-religioso-e-espiritual-na-universidade-de-aveiro\/","title":{"rendered":"Portugal: Igreja Cat\u00f3lica dinamiza sess\u00e3o sobre \u00abTurismo Religioso e Espiritual\u00bb, na Universidade de Aveiro"},"content":{"rendered":"<p><em>Pastoral do Turismo \u2013 Portugal tamb\u00e9m participa no encontro da Plataforma Nacional de Turismo<\/em><!--more--><\/p>\n<figure id=\"attachment_325003\" aria-describedby=\"caption-attachment-325003\" style=\"width: 347px\" class=\"wp-caption alignright\"><a href=\"https:\/\/agencia.ecclesia.pt\/portal\/wp-content\/uploads\/2024\/05\/Pastoral-do-Turismo_INVATUR_Aveiro-2.jpg\"><img fetchpriority=\"high\" decoding=\"async\" class=\"size-medium wp-image-325003\" src=\"https:\/\/agencia.ecclesia.pt\/portal\/wp-content\/uploads\/2024\/05\/Pastoral-do-Turismo_INVATUR_Aveiro-2-347x260.jpg\" alt=\"\" width=\"347\" height=\"260\" srcset=\"https:\/\/agencia.ecclesia.pt\/portal\/wp-content\/uploads\/2024\/05\/Pastoral-do-Turismo_INVATUR_Aveiro-2-347x260.jpg 347w, https:\/\/agencia.ecclesia.pt\/portal\/wp-content\/uploads\/2024\/05\/Pastoral-do-Turismo_INVATUR_Aveiro-2-1024x768.jpg 1024w, https:\/\/agencia.ecclesia.pt\/portal\/wp-content\/uploads\/2024\/05\/Pastoral-do-Turismo_INVATUR_Aveiro-2-768x576.jpg 768w, https:\/\/agencia.ecclesia.pt\/portal\/wp-content\/uploads\/2024\/05\/Pastoral-do-Turismo_INVATUR_Aveiro-2-1536x1152.jpg 1536w, https:\/\/agencia.ecclesia.pt\/portal\/wp-content\/uploads\/2024\/05\/Pastoral-do-Turismo_INVATUR_Aveiro-2.jpg 1600w\" sizes=\"(max-width: 347px) 100vw, 347px\" \/><\/a><figcaption id=\"caption-attachment-325003\" class=\"wp-caption-text\">Foto Pastoral do Turismo &#8211; Portugal<\/figcaption><\/figure>\n<p>Aveiro, 08 mai 2024 (Ecclesia) \u2013 A Pastoral do Turismo &#8211; Portugal (PTP), organismo da Igreja Cat\u00f3lica, est\u00e1 na Confer\u00eancia Internacional INVTUR 2024, da Universidade de Aveiro, onde vai dinamizar uma sess\u00e3o tem\u00e1tica sobre \u2018Turismo Religioso e Espiritual\u2019, esta sexta-feira, dia 10 de maio.<\/p>\n<p>\u201cNeste congresso iremos apresentar os primeiros resultados de um question\u00e1rio exaustivo realizado por n\u00f3s e devidamente validado, que nos permitir\u00e1 conhecer o que est\u00e1 a ser feito nas Dioceses Portuguesas, ao n\u00edvel do Turismo Religioso; o question\u00e1rio, al\u00e9m de \u00fanico, ser\u00e1 muito \u00fatil para perceber o presente do Turismo Religioso\/Espiritual em Portugal\u201d, explica Margarida Franca, membro da PTP, em nota enviada hoje, 8 de maio, \u00c0 Ag\u00eancia ECCLESIA.<\/p>\n<p>\u201cTrata-se de uma pondera\u00e7\u00e3o do fluxo tur\u00edstico ap\u00f3s COVID-19, da import\u00e2ncia das estrat\u00e9gias de turismo religioso para a sustentabilidade dos lugares de culto e, ainda, a preponder\u00e2ncia da PTP neste contexto\u201d, indica a professora adjunta convidada do Instituto Polit\u00e9cnico de Leiria e investigadora integrada no Centro de Investiga\u00e7\u00e3o em Teologia e Estudos de Religi\u00e3o da Universidade Cat\u00f3lica (CITER- UCP).<\/p>\n<p>O diretor da Pastoral do Turismo \u2013 Portugal, padre Miguel Lopes-Neto, explica que, este departamento da Confer\u00eancia Episcopal Portuguesa, tem de \u201cdefinir algumas prioridades que possa\u00a0vir\u00a0a\u00a0assumir\u201d, e j\u00e1 t\u00eam \u201ca defini\u00e7\u00e3o das estrat\u00e9gias\u201d, mas querem refor\u00e7ar a aplica\u00e7\u00e3o de medidas, \u201ctendo como preocupa\u00e7\u00e3o ir ao encontro das necessidades e as vontades de quem est\u00e1 no terreno\u201d.<\/p>\n<p>A Universidade de Aveiro informa que a Confer\u00eancia Internacional INVTUR 2024, que come\u00e7ou esta quarta-feira, realiza-se de 8 a 10 de maio, tem como objetivo refletir sobre as din\u00e2micas introduzidas por \u201cdiversas mudan\u00e7as\u201d, como a pandemia Covid-19, as altera\u00e7\u00f5es clim\u00e1ticas, \u201co surgimento de tecnologias disruptivas e a crescente digitaliza\u00e7\u00e3o\u201d, a guerra na Ucr\u00e2nia, \u201ca crise energ\u00e9tica global e a infla\u00e7\u00e3o desenfreada\u201d, e \u201cprospetar novas abordagens\u201d e t\u00e9cnicas para o \u201cdesenvolvimento adequado\u201d do setor do turismo.<\/p>\n<figure id=\"attachment_325002\" aria-describedby=\"caption-attachment-325002\" style=\"width: 400px\" class=\"wp-caption alignleft\"><a href=\"https:\/\/agencia.ecclesia.pt\/portal\/wp-content\/uploads\/2024\/05\/Pastoral-do-Turismo_INVATUR_Aveiro-1.jpg\"><img decoding=\"async\" class=\"size-medium wp-image-325002\" src=\"https:\/\/agencia.ecclesia.pt\/portal\/wp-content\/uploads\/2024\/05\/Pastoral-do-Turismo_INVATUR_Aveiro-1-400x252.jpg\" alt=\"\" width=\"400\" height=\"252\" srcset=\"https:\/\/agencia.ecclesia.pt\/portal\/wp-content\/uploads\/2024\/05\/Pastoral-do-Turismo_INVATUR_Aveiro-1-400x252.jpg 400w, https:\/\/agencia.ecclesia.pt\/portal\/wp-content\/uploads\/2024\/05\/Pastoral-do-Turismo_INVATUR_Aveiro-1-1024x646.jpg 1024w, https:\/\/agencia.ecclesia.pt\/portal\/wp-content\/uploads\/2024\/05\/Pastoral-do-Turismo_INVATUR_Aveiro-1-768x484.jpg 768w, https:\/\/agencia.ecclesia.pt\/portal\/wp-content\/uploads\/2024\/05\/Pastoral-do-Turismo_INVATUR_Aveiro-1-1536x969.jpg 1536w, https:\/\/agencia.ecclesia.pt\/portal\/wp-content\/uploads\/2024\/05\/Pastoral-do-Turismo_INVATUR_Aveiro-1.jpg 1600w\" sizes=\"(max-width: 400px) 100vw, 400px\" \/><\/a><figcaption id=\"caption-attachment-325002\" class=\"wp-caption-text\">Foto Pastoral do Turismo &#8211; Portugal; Sandra C\u00f4rtes-Moreira e padre Miguel Lopes-Neto<\/figcaption><\/figure>\n<p>A Pastoral do Turismo &#8211; Portugal faz parte do programa da INVTUR 2024 e vai dinamizar uma sess\u00e3o tem\u00e1tica sobre \u2018Turismo Religioso e Espiritual\u2019, esta sexta-feira, dia 10 de maio.<\/p>\n<p>A investigadora universit\u00e1ria Sandra C\u00f4rtes-Moreira, secret\u00e1ria da PTP- Portugal, tamb\u00e9m vai apresentar a investiga\u00e7\u00e3o que est\u00e1 a desenvolver em torno do tema da \u2018Literacia Tur\u00edstica\u2019, que, segundo o comunicado, tem \u201cuma rela\u00e7\u00e3o direta com as quest\u00f5es da sustentabilidade\u201d nas suas vertentes mais ligadas ao uso dos media, da criatividade e da comunica\u00e7\u00e3o.<\/p>\n<p>Esta quinta-feira, dia 9 de maio, a Pastoral do Turismo \u2013 Portugal vai participar no encontro da Plataforma Nacional de Turismo (PNL), ap\u00f3s ter assinado a sua <a href=\"https:\/\/agencia.ecclesia.pt\/portal\/igreja-portugal-pastoral-do-turismo-apresentou-caminhos-e-destinos-laudato-si-e-assinou-adesao-a-plataforma-nacional-de-turismo\/\" target=\"_blank\" rel=\"noopener\">ades\u00e3o<\/a> no dia 29 de fevereiro, na Bolsa de Turismo de Lisboa (BTL2024).<\/p>\n<p>\u201cEstarmos presentes e j\u00e1 membros de pleno direito da PNL, \u00e9 importante, j\u00e1 que a Igreja Portuguesa, como nos pede o Papa Francisco, procura estar presente e integrada na sociedade, nos v\u00e1rios grupos que devem trabalhar e fomentar um desenvolvimento sustent\u00e1vel e positivo, para esta ind\u00fastria da paz, colaborando ativamente para que temas como capacidade de carga dos destinos, turismofobia, xenofobia e racismo sejam vistos, igualmente, na perspetiva do Turismo, como temas que s\u00e3o determinantes para a cria\u00e7\u00e3o de uma sociedade melhor\u201d, desenvolveu o padre Miguel Lopes-Neto.<\/p>\n<p>A Pastoral do Turismo &#8211; Portugal assinala ainda que esta \u00e9 a 6.\u00aa edi\u00e7\u00e3o da <a href=\"https:\/\/www.ua.pt\/pt\/invtur\/\" target=\"_blank\" rel=\"noopener\">INVTUR<\/a> e comemora o 35.\u00ba anivers\u00e1rio da cria\u00e7\u00e3o do grupo de Turismo da Universidade de Aveiro, que, atualmente, \u201cse afirma mundialmente\u201d, sobretudo na organiza\u00e7\u00e3o desta confer\u00eancia internacional, \u201cuma das maiores sobre este tema realizadas na Europa\u201d.<\/p>\n<p><em>CB<\/em><\/p>\n","protected":false},"excerpt":{"rendered":"<p>Pastoral do Turismo \u2013 Portugal tamb\u00e9m participa no encontro da Plataforma Nacional de Turismo<\/p>\n","protected":false},"author":3,"featured_media":315925,"comment_status":"closed","ping_status":"closed","template":"","meta":{"site-sidebar-layout":"default","site-content-layout":"","ast-site-content-layout":"default","site-content-style":"default","site-sidebar-style":"default","ast-global-header-display":"","ast-banner-title-visibility":"","ast-main-header-display":"","ast-hfb-above-header-display":"","ast-hfb-below-header-display":"","ast-hfb-mobile-header-display":"","site-post-title":"","ast-breadcrumbs-content":"","ast-featured-img":"","footer-sml-layout":"","ast-disable-related-posts":"","theme-transparent-header-meta":"default","adv-header-id-meta":"","stick-header-meta":"default","header-above-stick-meta":"","header-main-stick-meta":"","header-below-stick-meta":"","astra-migrate-meta-layouts":"set","ast-page-background-enabled":"default","ast-page-background-meta":{"desktop":{"background-color":"var(--ast-global-color-4)","background-image":"","background-repeat":"repeat","background-position":"center center","background-size":"auto","background-attachment":"scroll","background-type":"","background-media":"","overlay-type":"","overlay-color":"","overlay-opacity":"","overlay-gradient":""},"tablet":{"background-color":"","background-image":"","background-repeat":"repeat","background-position":"center center","background-size":"auto","background-attachment":"scroll","background-type":"","background-media":"","overlay-type":"","overlay-color":"","overlay-opacity":"","overlay-gradient":""},"mobile":{"background-color":"","background-image":"","background-repeat":"repeat","background-position":"center center","background-size":"auto","background-attachment":"scroll","background-type":"","background-media":"","overlay-type":"","overlay-color":"","overlay-opacity":"","overlay-gradient":""}},"ast-content-background-meta":{"desktop":{"background-color":"var(--ast-global-color-5)","background-image":"","background-repeat":"repeat","background-position":"center center","background-size":"auto","background-attachment":"scroll","background-type":"","background-media":"","overlay-type":"","overlay-color":"","overlay-opacity":"","overlay-gradient":""},"tablet":{"background-color":"var(--ast-global-color-5)","background-image":"","background-repeat":"repeat","background-position":"center center","background-size":"auto","background-attachment":"scroll","background-type":"","background-media":"","overlay-type":"","overlay-color":"","overlay-opacity":"","overlay-gradient":""},"mobile":{"background-color":"var(--ast-global-color-5)","background-image":"","background-repeat":"repeat","background-position":"center center","background-size":"auto","background-attachment":"scroll","background-type":"","background-media":"","overlay-type":"","overlay-color":"","overlay-opacity":"","overlay-gradient":""}}},"tags":[147,320],"mec_category":[793,791],"class_list":["post-324999","mec-events","type-mec-events","status-publish","has-post-thumbnail","hentry","tag-conferencia-episcopal-portuguesa","tag-turismo","mec_category-caixa2","mec_category-nacional"],"_links":{"self":[{"href":"https:\/\/agencia.ecclesia.pt\/portal\/wp-json\/wp\/v2\/mec-events\/324999","targetHints":{"allow":["GET"]}}],"collection":[{"href":"https:\/\/agencia.ecclesia.pt\/portal\/wp-json\/wp\/v2\/mec-events"}],"about":[{"href":"https:\/\/agencia.ecclesia.pt\/portal\/wp-json\/wp\/v2\/types\/mec-events"}],"author":[{"embeddable":true,"href":"https:\/\/agencia.ecclesia.pt\/portal\/wp-json\/wp\/v2\/users\/3"}],"replies":[{"embeddable":true,"href":"https:\/\/agencia.ecclesia.pt\/portal\/wp-json\/wp\/v2\/comments?post=324999"}],"wp:featuredmedia":[{"embeddable":true,"href":"https:\/\/agencia.ecclesia.pt\/portal\/wp-json\/wp\/v2\/media\/315925"}],"wp:attachment":[{"href":"https:\/\/agencia.ecclesia.pt\/portal\/wp-json\/wp\/v2\/media?parent=324999"}],"wp:term":[{"taxonomy":"post_tag","embeddable":true,"href":"https:\/\/agencia.ecclesia.pt\/portal\/wp-json\/wp\/v2\/tags?post=324999"},{"taxonomy":"mec_category","embeddable":true,"href":"https:\/\/agencia.ecclesia.pt\/portal\/wp-json\/wp\/v2\/mec_category?post=324999"}],"curies":[{"name":"wp","href":"https:\/\/api.w.org\/{rel}","templated":true}]}}

Portugal: Igreja Católica dinamiza sessão sobre «Turismo Religioso e Espiritual», na Universidade de Aveiro

<p><em>Pastoral do Turismo – Portugal também participa no encontro da Plataforma Nacional de Turismo</em><!--more--></p>
<figure id="attachment_325003" aria-describedby="caption-attachment-325003" style="width: 347px" class="wp-caption alignright"><a href="https://agencia.ecclesia.pt/portal/wp-content/uploads/2024/05/Pastoral-do-Turismo_INVATUR_Aveiro-2.jpg"><img fetchpriority="high" decoding="async" class="size-medium wp-image-325003" src="https://agencia.ecclesia.pt/portal/wp-content/uploads/2024/05/Pastoral-do-Turismo_INVATUR_Aveiro-2-347x260.jpg" alt="" width="347" height="260" srcset="https://agencia.ecclesia.pt/portal/wp-content/uploads/2024/05/Pastoral-do-Turismo_INVATUR_Aveiro-2-347x260.jpg 347w, https://agencia.ecclesia.pt/portal/wp-content/uploads/2024/05/Pastoral-do-Turismo_INVATUR_Aveiro-2-1024x768.jpg 1024w, https://agencia.ecclesia.pt/portal/wp-content/uploads/2024/05/Pastoral-do-Turismo_INVATUR_Aveiro-2-768x576.jpg 768w, https://agencia.ecclesia.pt/portal/wp-content/uploads/2024/05/Pastoral-do-Turismo_INVATUR_Aveiro-2-1536x1152.jpg 1536w, https://agencia.ecclesia.pt/portal/wp-content/uploads/2024/05/Pastoral-do-Turismo_INVATUR_Aveiro-2.jpg 1600w" sizes="(max-width: 347px) 100vw, 347px" /></a><figcaption id="caption-attachment-325003" class="wp-caption-text">Foto Pastoral do Turismo &#8211; Portugal</figcaption></figure>
<p>Aveiro, 08 mai 2024 (Ecclesia) – A Pastoral do Turismo &#8211; Portugal (PTP), organismo da Igreja Católica, está na Conferência Internacional INVTUR 2024, da Universidade de Aveiro, onde vai dinamizar uma sessão temática sobre ‘Turismo Religioso e Espiritual’, esta sexta-feira, dia 10 de maio.</p>
<p>“Neste congresso iremos apresentar os primeiros resultados de um questionário exaustivo realizado por nós e devidamente validado, que nos permitirá conhecer o que está a ser feito nas Dioceses Portuguesas, ao nível do Turismo Religioso; o questionário, além de único, será muito útil para perceber o presente do Turismo Religioso/Espiritual em Portugal”, explica Margarida Franca, membro da PTP, em nota enviada hoje, 8 de maio, À Agência ECCLESIA.</p>
<p>“Trata-se de uma ponderação do fluxo turístico após COVID-19, da importância das estratégias de turismo religioso para a sustentabilidade dos lugares de culto e, ainda, a preponderância da PTP neste contexto”, indica a professora adjunta convidada do Instituto Politécnico de Leiria e investigadora integrada no Centro de Investigação em Teologia e Estudos de Religião da Universidade Católica (CITER- UCP).</p>
<p>O diretor da Pastoral do Turismo – Portugal, padre Miguel Lopes-Neto, explica que, este departamento da Conferência Episcopal Portuguesa, tem de “definir algumas prioridades que possa vir a assumir”, e já têm “a definição das estratégias”, mas querem reforçar a aplicação de medidas, “tendo como preocupação ir ao encontro das necessidades e as vontades de quem está no terreno”.</p>
<p>A Universidade de Aveiro informa que a Conferência Internacional INVTUR 2024, que começou esta quarta-feira, realiza-se de 8 a 10 de maio, tem como objetivo refletir sobre as dinâmicas introduzidas por “diversas mudanças”, como a pandemia Covid-19, as alterações climáticas, “o surgimento de tecnologias disruptivas e a crescente digitalização”, a guerra na Ucrânia, “a crise energética global e a inflação desenfreada”, e “prospetar novas abordagens” e técnicas para o “desenvolvimento adequado” do setor do turismo.</p>
<figure id="attachment_325002" aria-describedby="caption-attachment-325002" style="width: 400px" class="wp-caption alignleft"><a href="https://agencia.ecclesia.pt/portal/wp-content/uploads/2024/05/Pastoral-do-Turismo_INVATUR_Aveiro-1.jpg"><img decoding="async" class="size-medium wp-image-325002" src="https://agencia.ecclesia.pt/portal/wp-content/uploads/2024/05/Pastoral-do-Turismo_INVATUR_Aveiro-1-400x252.jpg" alt="" width="400" height="252" srcset="https://agencia.ecclesia.pt/portal/wp-content/uploads/2024/05/Pastoral-do-Turismo_INVATUR_Aveiro-1-400x252.jpg 400w, https://agencia.ecclesia.pt/portal/wp-content/uploads/2024/05/Pastoral-do-Turismo_INVATUR_Aveiro-1-1024x646.jpg 1024w, https://agencia.ecclesia.pt/portal/wp-content/uploads/2024/05/Pastoral-do-Turismo_INVATUR_Aveiro-1-768x484.jpg 768w, https://agencia.ecclesia.pt/portal/wp-content/uploads/2024/05/Pastoral-do-Turismo_INVATUR_Aveiro-1-1536x969.jpg 1536w, https://agencia.ecclesia.pt/portal/wp-content/uploads/2024/05/Pastoral-do-Turismo_INVATUR_Aveiro-1.jpg 1600w" sizes="(max-width: 400px) 100vw, 400px" /></a><figcaption id="caption-attachment-325002" class="wp-caption-text">Foto Pastoral do Turismo &#8211; Portugal; Sandra Côrtes-Moreira e padre Miguel Lopes-Neto</figcaption></figure>
<p>A Pastoral do Turismo &#8211; Portugal faz parte do programa da INVTUR 2024 e vai dinamizar uma sessão temática sobre ‘Turismo Religioso e Espiritual’, esta sexta-feira, dia 10 de maio.</p>
<p>A investigadora universitária Sandra Côrtes-Moreira, secretária da PTP- Portugal, também vai apresentar a investigação que está a desenvolver em torno do tema da ‘Literacia Turística’, que, segundo o comunicado, tem “uma relação direta com as questões da sustentabilidade” nas suas vertentes mais ligadas ao uso dos media, da criatividade e da comunicação.</p>
<p>Esta quinta-feira, dia 9 de maio, a Pastoral do Turismo – Portugal vai participar no encontro da Plataforma Nacional de Turismo (PNL), após ter assinado a sua <a href="https://agencia.ecclesia.pt/portal/igreja-portugal-pastoral-do-turismo-apresentou-caminhos-e-destinos-laudato-si-e-assinou-adesao-a-plataforma-nacional-de-turismo/" target="_blank" rel="noopener">adesão</a> no dia 29 de fevereiro, na Bolsa de Turismo de Lisboa (BTL2024).</p>
<p>“Estarmos presentes e já membros de pleno direito da PNL, é importante, já que a Igreja Portuguesa, como nos pede o Papa Francisco, procura estar presente e integrada na sociedade, nos vários grupos que devem trabalhar e fomentar um desenvolvimento sustentável e positivo, para esta indústria da paz, colaborando ativamente para que temas como capacidade de carga dos destinos, turismofobia, xenofobia e racismo sejam vistos, igualmente, na perspetiva do Turismo, como temas que são determinantes para a criação de uma sociedade melhor”, desenvolveu o padre Miguel Lopes-Neto.</p>
<p>A Pastoral do Turismo &#8211; Portugal assinala ainda que esta é a 6.ª edição da <a href="https://www.ua.pt/pt/invtur/" target="_blank" rel="noopener">INVTUR</a> e comemora o 35.º aniversário da criação do grupo de Turismo da Universidade de Aveiro, que, atualmente, “se afirma mundialmente”, sobretudo na organização desta conferência internacional, “uma das maiores sobre este tema realizadas na Europa”.</p>
<p><em>CB</em></p>

<p>Pastoral do Turismo – Portugal também participa no encontro da Plataforma Nacional de Turismo</p>
