{"id":321710,"date":"2024-07-22T09:03:02","date_gmt":"2024-07-22T08:03:02","guid":{"rendered":"https:\/\/agencia.ecclesia.pt\/portal\/?post_type=mec-events&#038;p=321710"},"modified":"2024-07-22T09:29:40","modified_gmt":"2024-07-22T08:29:40","slug":"igreja-portugal-encontro-de-pastoral-liturgica-quer-ser-uma-preparacao-para-o-jubileu-2025","status":"publish","type":"mec-events","link":"https:\/\/agencia.ecclesia.pt\/portal\/events\/igreja-portugal-encontro-de-pastoral-liturgica-quer-ser-uma-preparacao-para-o-jubileu-2025\/","title":{"rendered":"Igreja\/Portugal: Encontro de Pastoral Lit\u00fargica quer ser \u00abuma prepara\u00e7\u00e3o\u00bb para o Jubileu 2025"},"content":{"rendered":"<p><em>Com o tema \u00abA liturgia, escola de ora\u00e7\u00e3o\u00bb, e regressa ao m\u00eas de julho<\/em><!--more--><\/p>\n<p><a href=\"https:\/\/agencia.ecclesia.pt\/portal\/wp-content\/uploads\/2024\/04\/Secretariado-Nacional-de-Liturgia_SNL_48_Encontro-Nacional-de-Pastoral-Liturgica_2024.jpg\"><img fetchpriority=\"high\" decoding=\"async\" class=\"alignnone wp-image-321711 size-large\" src=\"https:\/\/agencia.ecclesia.pt\/portal\/wp-content\/uploads\/2024\/04\/Secretariado-Nacional-de-Liturgia_SNL_48_Encontro-Nacional-de-Pastoral-Liturgica_2024-1024x576.jpg\" alt=\"\" width=\"1024\" height=\"576\" srcset=\"https:\/\/agencia.ecclesia.pt\/portal\/wp-content\/uploads\/2024\/04\/Secretariado-Nacional-de-Liturgia_SNL_48_Encontro-Nacional-de-Pastoral-Liturgica_2024-1024x576.jpg 1024w, https:\/\/agencia.ecclesia.pt\/portal\/wp-content\/uploads\/2024\/04\/Secretariado-Nacional-de-Liturgia_SNL_48_Encontro-Nacional-de-Pastoral-Liturgica_2024-400x225.jpg 400w, https:\/\/agencia.ecclesia.pt\/portal\/wp-content\/uploads\/2024\/04\/Secretariado-Nacional-de-Liturgia_SNL_48_Encontro-Nacional-de-Pastoral-Liturgica_2024-768x432.jpg 768w, https:\/\/agencia.ecclesia.pt\/portal\/wp-content\/uploads\/2024\/04\/Secretariado-Nacional-de-Liturgia_SNL_48_Encontro-Nacional-de-Pastoral-Liturgica_2024.jpg 1080w\" sizes=\"(max-width: 1024px) 100vw, 1024px\" \/><\/a><\/p>\n<p>F\u00e1tima, 22 jul 2024 (Ecclesia) \u2013 O Secretariado Nacional de Liturgia (SNL) vai realizar o 48.\u00ba Encontro Nacional de Pastoral Lit\u00fargica (ENPL), com o tema \u2018A liturgia, escola de ora\u00e7\u00e3o\u2019, nos dias 22 a 25 de julho, no Santu\u00e1rio de F\u00e1tima.<\/p>\n<p>\u201cEste encontro pretende ser uma prepara\u00e7\u00e3o para o pr\u00f3ximo Jubileu do ano 2025, que o Papa Francisco quer dedicar \u00e0 ora\u00e7\u00e3o. Esta atividade \u00e9 uma proposta que vai abrindo caminhos novos na renova\u00e7\u00e3o da liturgia\u201d, explica o SNL, da Igreja Cat\u00f3lica em Portugal, na informa\u00e7\u00e3o enviada \u00e0 Ag\u00eancia ECCLESIA.<\/p>\n<p>O tema \u2018A liturgia, escola de ora\u00e7\u00e3o\u2019 do 48.\u00ba Encontro Nacional de Pastoral Lit\u00fargica\u00a0\u00e9 o \u201ccontributo\u201d do Secretariado Nacional de Liturgia e da Comiss\u00e3o Episcopal da Liturgia e Espiritualidade da Confer\u00eancia Episcopal Portuguesa (CEP), ao \u201caprofundamento e \u00e0 pr\u00e1tica da ora\u00e7\u00e3o\u201d no Ano Jubilar: \u201ca Liturgia \u00e9 a grande escolha da ora\u00e7\u00e3o da Igreja\u201d.<\/p>\n<p>O Ano Santo de 2025, convocado pelo Papa Francisco, vai ser o 27.\u00ba jubileu ordin\u00e1rio da hist\u00f3ria da Igreja; o Papa Bonif\u00e1cio VIII instituiu, em 1300, o primeiro ano santo \u2013 com recorr\u00eancia centen\u00e1ria, passando depois, segundo o modelo b\u00edblico, cinquenten\u00e1ria e finalmente fixado de 25 em 25 anos.<\/p>\n<p>No \u00faltimo dia 21 de janeiro, o Papa proclamou um ano de ora\u00e7\u00e3o para preparar as celebra\u00e7\u00f5es do Jubileu 2025, cuja porta santa vai ser aberta no pr\u00f3ximo m\u00eas de dezembro.<\/p>\n<p>O SNL divulgou tamb\u00e9m o programa desta proposta de estudo e de pr\u00e1ticas lit\u00fargicas, que se vai realizar de 22 a 25 de julho, no Santu\u00e1rio de F\u00e1tima, o Encontro Nacional de Pastoral Lit\u00fargica conta com momentos de celebra\u00e7\u00e3o e ora\u00e7\u00e3o, quatro confer\u00eancias e quatro temas de forma\u00e7\u00e3o por grupos.<\/p>\n<p>Nas confer\u00eancias, Isabel Maria Al\u00e7ada Cardoso, de Lisboa, apresenta \u2018A Liturgia, espiritualidade encarnada: da contempla\u00e7\u00e3o ao assombro\u2019; o padre Jo\u00e3o Paulo Henriques, da Diocese de Aveiro, reflete sobre \u2018Atitudes, gestos e movimentos: o corpo simb\u00f3lico\u2019, e da Diocese do Porto, o padre Jo\u00e3o da Silva Peixoto, \u2018A forma\u00e7\u00e3o lit\u00fargica: tarefa permanente\u2019; o monge beneditino (OSB) brasileiro, padre Ruberval Monteiro da Silva, do Instituto Santo Anselmo, em Roma, vai falar sobre \u2018Feliz o povo que sabe aclamar-Vos: a aptid\u00e3o simb\u00f3lica\u2019.<\/p>\n<p>O <a href=\"https:\/\/www.liturgia.pt\/\" target=\"_blank\" rel=\"noopener\">Secretariado Nacional de Liturgia<\/a> prop\u00f5e tamb\u00e9m aos participantes do <a href=\"https:\/\/www.liturgia.pt\/enpl\/tematica.php\" target=\"_blank\" rel=\"noopener\">ENPL 2024<\/a> momentos espec\u00edficos de forma\u00e7\u00e3o por grupos: para padres; os ac\u00f3litos; leitores, catequistas entre agentes pastorais, e para os m\u00fasicos.<\/p>\n<p>\u2018A forma\u00e7\u00e3o lit\u00fargica do clero como escola de mistagogia\u2019, \u00e9 da responsabilidade do padre Carlos Cabecinhas, reitor do Santu\u00e1rio de F\u00e1tima; o padre Francisco Couto, da Arquidiocese de \u00c9vora e vogal do Servi\u00e7o Nacional de\u00a0Ac\u00f3litos, apresenta \u2018a simb\u00f3lica essencial dos Sacramentos da Igreja\u2019; \u2018Compreender para participar ou participar para compreender?\u2019, \u00e9 a forma\u00e7\u00e3o do padre Joaquim Ganh\u00e3o, da Diocese de Santar\u00e9m e Santu\u00e1rio de F\u00e1tima; enquanto o compositor Eug\u00e9nio Amorim vai formar \u2018para louvor da sua gl\u00f3ria: a simb\u00f3lica do canto e instrumentos musicais\u2019.<\/p>\n<p><em>\u00a0<\/em><em>CB<\/em><\/p>\n","protected":false},"excerpt":{"rendered":"<p>Com o tema \u00abA liturgia, escola de ora\u00e7\u00e3o\u00bb, e regressa ao m\u00eas de julho<\/p>\n","protected":false},"author":3,"featured_media":244849,"comment_status":"closed","ping_status":"closed","template":"","meta":{"site-sidebar-layout":"default","site-content-layout":"","ast-site-content-layout":"default","site-content-style":"default","site-sidebar-style":"default","ast-global-header-display":"","ast-banner-title-visibility":"","ast-main-header-display":"","ast-hfb-above-header-display":"","ast-hfb-below-header-display":"","ast-hfb-mobile-header-display":"","site-post-title":"","ast-breadcrumbs-content":"","ast-featured-img":"","footer-sml-layout":"","ast-disable-related-posts":"","theme-transparent-header-meta":"default","adv-header-id-meta":"","stick-header-meta":"default","header-above-stick-meta":"","header-main-stick-meta":"","header-below-stick-meta":"","astra-migrate-meta-layouts":"set","ast-page-background-enabled":"default","ast-page-background-meta":{"desktop":{"background-color":"var(--ast-global-color-4)","background-image":"","background-repeat":"repeat","background-position":"center center","background-size":"auto","background-attachment":"scroll","background-type":"","background-media":"","overlay-type":"","overlay-color":"","overlay-opacity":"","overlay-gradient":""},"tablet":{"background-color":"","background-image":"","background-repeat":"repeat","background-position":"center center","background-size":"auto","background-attachment":"scroll","background-type":"","background-media":"","overlay-type":"","overlay-color":"","overlay-opacity":"","overlay-gradient":""},"mobile":{"background-color":"","background-image":"","background-repeat":"repeat","background-position":"center center","background-size":"auto","background-attachment":"scroll","background-type":"","background-media":"","overlay-type":"","overlay-color":"","overlay-opacity":"","overlay-gradient":""}},"ast-content-background-meta":{"desktop":{"background-color":"var(--ast-global-color-5)","background-image":"","background-repeat":"repeat","background-position":"center center","background-size":"auto","background-attachment":"scroll","background-type":"","background-media":"","overlay-type":"","overlay-color":"","overlay-opacity":"","overlay-gradient":""},"tablet":{"background-color":"var(--ast-global-color-5)","background-image":"","background-repeat":"repeat","background-position":"center center","background-size":"auto","background-attachment":"scroll","background-type":"","background-media":"","overlay-type":"","overlay-color":"","overlay-opacity":"","overlay-gradient":""},"mobile":{"background-color":"var(--ast-global-color-5)","background-image":"","background-repeat":"repeat","background-position":"center center","background-size":"auto","background-attachment":"scroll","background-type":"","background-media":"","overlay-type":"","overlay-color":"","overlay-opacity":"","overlay-gradient":""}}},"tags":[814,246],"mec_category":[793,791],"class_list":["post-321710","mec-events","type-mec-events","status-publish","has-post-thumbnail","hentry","tag-ano-santo-2025","tag-liturgia","mec_category-caixa2","mec_category-nacional"],"_links":{"self":[{"href":"https:\/\/agencia.ecclesia.pt\/portal\/wp-json\/wp\/v2\/mec-events\/321710","targetHints":{"allow":["GET"]}}],"collection":[{"href":"https:\/\/agencia.ecclesia.pt\/portal\/wp-json\/wp\/v2\/mec-events"}],"about":[{"href":"https:\/\/agencia.ecclesia.pt\/portal\/wp-json\/wp\/v2\/types\/mec-events"}],"author":[{"embeddable":true,"href":"https:\/\/agencia.ecclesia.pt\/portal\/wp-json\/wp\/v2\/users\/3"}],"replies":[{"embeddable":true,"href":"https:\/\/agencia.ecclesia.pt\/portal\/wp-json\/wp\/v2\/comments?post=321710"}],"wp:featuredmedia":[{"embeddable":true,"href":"https:\/\/agencia.ecclesia.pt\/portal\/wp-json\/wp\/v2\/media\/244849"}],"wp:attachment":[{"href":"https:\/\/agencia.ecclesia.pt\/portal\/wp-json\/wp\/v2\/media?parent=321710"}],"wp:term":[{"taxonomy":"post_tag","embeddable":true,"href":"https:\/\/agencia.ecclesia.pt\/portal\/wp-json\/wp\/v2\/tags?post=321710"},{"taxonomy":"mec_category","embeddable":true,"href":"https:\/\/agencia.ecclesia.pt\/portal\/wp-json\/wp\/v2\/mec_category?post=321710"}],"curies":[{"name":"wp","href":"https:\/\/api.w.org\/{rel}","templated":true}]}}

Igreja/Portugal: Encontro de Pastoral Litúrgica quer ser «uma preparação» para o Jubileu 2025

<p><em>Com o tema «A liturgia, escola de oração», e regressa ao mês de julho</em><!--more--></p>
<p><a href="https://agencia.ecclesia.pt/portal/wp-content/uploads/2024/04/Secretariado-Nacional-de-Liturgia_SNL_48_Encontro-Nacional-de-Pastoral-Liturgica_2024.jpg"><img fetchpriority="high" decoding="async" class="alignnone wp-image-321711 size-large" src="https://agencia.ecclesia.pt/portal/wp-content/uploads/2024/04/Secretariado-Nacional-de-Liturgia_SNL_48_Encontro-Nacional-de-Pastoral-Liturgica_2024-1024x576.jpg" alt="" width="1024" height="576" srcset="https://agencia.ecclesia.pt/portal/wp-content/uploads/2024/04/Secretariado-Nacional-de-Liturgia_SNL_48_Encontro-Nacional-de-Pastoral-Liturgica_2024-1024x576.jpg 1024w, https://agencia.ecclesia.pt/portal/wp-content/uploads/2024/04/Secretariado-Nacional-de-Liturgia_SNL_48_Encontro-Nacional-de-Pastoral-Liturgica_2024-400x225.jpg 400w, https://agencia.ecclesia.pt/portal/wp-content/uploads/2024/04/Secretariado-Nacional-de-Liturgia_SNL_48_Encontro-Nacional-de-Pastoral-Liturgica_2024-768x432.jpg 768w, https://agencia.ecclesia.pt/portal/wp-content/uploads/2024/04/Secretariado-Nacional-de-Liturgia_SNL_48_Encontro-Nacional-de-Pastoral-Liturgica_2024.jpg 1080w" sizes="(max-width: 1024px) 100vw, 1024px" /></a></p>
<p>Fátima, 22 jul 2024 (Ecclesia) – O Secretariado Nacional de Liturgia (SNL) vai realizar o 48.º Encontro Nacional de Pastoral Litúrgica (ENPL), com o tema ‘A liturgia, escola de oração’, nos dias 22 a 25 de julho, no Santuário de Fátima.</p>
<p>“Este encontro pretende ser uma preparação para o próximo Jubileu do ano 2025, que o Papa Francisco quer dedicar à oração. Esta atividade é uma proposta que vai abrindo caminhos novos na renovação da liturgia”, explica o SNL, da Igreja Católica em Portugal, na informação enviada à Agência ECCLESIA.</p>
<p>O tema ‘A liturgia, escola de oração’ do 48.º Encontro Nacional de Pastoral Litúrgica é o “contributo” do Secretariado Nacional de Liturgia e da Comissão Episcopal da Liturgia e Espiritualidade da Conferência Episcopal Portuguesa (CEP), ao “aprofundamento e à prática da oração” no Ano Jubilar: “a Liturgia é a grande escolha da oração da Igreja”.</p>
<p>O Ano Santo de 2025, convocado pelo Papa Francisco, vai ser o 27.º jubileu ordinário da história da Igreja; o Papa Bonifácio VIII instituiu, em 1300, o primeiro ano santo – com recorrência centenária, passando depois, segundo o modelo bíblico, cinquentenária e finalmente fixado de 25 em 25 anos.</p>
<p>No último dia 21 de janeiro, o Papa proclamou um ano de oração para preparar as celebrações do Jubileu 2025, cuja porta santa vai ser aberta no próximo mês de dezembro.</p>
<p>O SNL divulgou também o programa desta proposta de estudo e de práticas litúrgicas, que se vai realizar de 22 a 25 de julho, no Santuário de Fátima, o Encontro Nacional de Pastoral Litúrgica conta com momentos de celebração e oração, quatro conferências e quatro temas de formação por grupos.</p>
<p>Nas conferências, Isabel Maria Alçada Cardoso, de Lisboa, apresenta ‘A Liturgia, espiritualidade encarnada: da contemplação ao assombro’; o padre João Paulo Henriques, da Diocese de Aveiro, reflete sobre ‘Atitudes, gestos e movimentos: o corpo simbólico’, e da Diocese do Porto, o padre João da Silva Peixoto, ‘A formação litúrgica: tarefa permanente’; o monge beneditino (OSB) brasileiro, padre Ruberval Monteiro da Silva, do Instituto Santo Anselmo, em Roma, vai falar sobre ‘Feliz o povo que sabe aclamar-Vos: a aptidão simbólica’.</p>
<p>O <a href="https://www.liturgia.pt/" target="_blank" rel="noopener">Secretariado Nacional de Liturgia</a> propõe também aos participantes do <a href="https://www.liturgia.pt/enpl/tematica.php" target="_blank" rel="noopener">ENPL 2024</a> momentos específicos de formação por grupos: para padres; os acólitos; leitores, catequistas entre agentes pastorais, e para os músicos.</p>
<p>‘A formação litúrgica do clero como escola de mistagogia’, é da responsabilidade do padre Carlos Cabecinhas, reitor do Santuário de Fátima; o padre Francisco Couto, da Arquidiocese de Évora e vogal do Serviço Nacional de Acólitos, apresenta ‘a simbólica essencial dos Sacramentos da Igreja’; ‘Compreender para participar ou participar para compreender?’, é a formação do padre Joaquim Ganhão, da Diocese de Santarém e Santuário de Fátima; enquanto o compositor Eugénio Amorim vai formar ‘para louvor da sua glória: a simbólica do canto e instrumentos musicais’.</p>
<p><em> </em><em>CB</em></p>

<p>Com o tema «A liturgia, escola de oração», e regressa ao mês de julho</p>
